{"id":654,"date":"2019-04-18T00:09:10","date_gmt":"2019-04-17T22:09:10","guid":{"rendered":"https:\/\/accessibilitydays.it\/2019\/?page_id=654"},"modified":"2025-05-14T16:43:16","modified_gmt":"2025-05-14T14:43:16","slug":"agenda-sabato","status":"publish","type":"page","link":"https:\/\/old.accessibilitydays.it\/2019\/it\/programma\/agenda-sabato\/","title":{"rendered":"Agenda del Sabato"},"content":{"rendered":"\n\n\t<h5><em><a href=\"http:\/\/bit.ly\/ad2019-agenda\">Clicca qui<\/a> per visualizzare l&#8217;agenda come PDF in versione tabellare.<\/em><\/h5>\n<h2>Sabato mattina<\/h2>\n<h3>09:00 &#8211; 09:30<\/h3>\n<h3>Registrazione dei partecipanti<\/h3>\n<h3>09:30 &#8211; 10:00<\/h3>\n<p>{Track 1}<\/p>\n<h3>Discorso di benvenuto<\/h3>\n<h3>10:00 &#8211; 11:00<\/h3>\n<p>{Track 1}<\/p>\n<p>&nbsp;<\/p>\n<h3>10:00 &#8211; 11:00<\/h3>\n<p>{Track 2}<\/p>\n<h3><a href=\"https:\/\/old.accessibilitydays.it\/2019\/lectures\/dsa\" target=\"_blank\" rel=\"noopener noreferrer\">Storie di DSA e disabilit\u00e0: due mondi cos\u00ec lontani ma talvolta coincidenti<\/a><\/h3>\nLucia Iacopini<br \/>\n#dsa\n<h3><a href=\"\/lectures\/accessibilita-quanto-complicato\" target=\"_blank\" rel=\"noopener noreferrer\">Quanto \u00e8 complicato essere accessibili?<\/a><\/h3>\nMichele Lucchini (UsableNet)<br \/>\n#wcag #processo\n<h3>10:00 &#8211; 11:00<\/h3>\n<p>{Track 3}<\/p>\n<h3><a href=\"https:\/\/old.accessibilitydays.it\/2019\/lectures\/mobile-tavola-rotonda\" target=\"_blank\" rel=\"noopener noreferrer\">App mobile: tavola rotonda sullo sviluppo di app accessibili<\/a><\/h3>\nGuidata da: Matteo Bonifazi, Mattia Ducci, Niccol\u00f2 Cant\u00f9<br \/>\n#mobile #app #dev #ux #apple #ios #android #google\n<h3>10:00 &#8211; 13:00<\/h3>\n<p>{Track Maker}<\/p>\n<h3><a href=\"https:\/\/old.accessibilitydays.it\/2019\/lectures\/lectures\/workshop-gozzani\" target=\"_blank\" rel=\"noopener noreferrer\">Workshop &#8220;Dispositivi per non vedenti &#8211; stampa 3D, sensori e consigli per passare dall&#8217;idea al prototipo&#8221;<\/a><\/h3>\nRoberto Gozzani\u00a0<br \/>\n#maker #stampa3D #arduino #IoT #sensori #elettronica\n<h3>10:00 &#8211; 17:00<\/h3>\n<p>{Track Maker}<\/p>\n<h3>Mettiti alla prova con gli Audio-Game!<\/h3>\nIn collaborazione con la IV Productions di Ivan Venturi<br \/>\n#game #audiogame #esperienzasensoriale\n<h3>11:00 &#8211; 11:30<\/h3>\n<p>{Track 1}<\/p>\n<h3>COFFEE-BREAK<\/h3>\n<p>In collaborazione con &#8220;Il Forno Biologico &#8211; Cooperativa Sociale Piano B&#8221; e biscottificio FROLLA<\/p>\n<h3>11:30 &#8211; 12:15<\/h3>\n<p>{Track 1}<\/p>\n<h3><a href=\"https:\/\/old.accessibilitydays.it\/2019\/lectures\/architecta\" target=\"_blank\" rel=\"noopener noreferrer\">Presentazione di Architecta: Societ\u00e0 Italiana di Architettura dell&#8217;Informazione<\/a><\/h3>\nBianca Bronzino (Presidente Architecta)<br \/>\n#IA #ux #design\n<h3>11:30 &#8211; 12:15<\/h3>\n<p>{Track 2}<\/p>\n<h3><a href=\"https:\/\/old.accessibilitydays.it\/2019\/lectures\/obblighi-ICT\" target=\"_blank\" rel=\"noopener noreferrer\">Accessibilit\u00e0: come cambia la legge Stanca dopo la direttiva europea<\/a><\/h3>\nRoberto Scano (Agenzia per l&#8217;Italia Digitale) e Fabrizio Caccavello (Agenzia per l&#8217;Italia Digitale)<br \/>\n#normativa #leggeStanca #AGID\n<h3>11:30 &#8211; 12:15<\/h3>\n<p>{Track 3}<\/p>\n<h3><a href=\"https:\/\/old.accessibilitydays.it\/2019\/lectures\/documentazione-scientifica\" target=\"_blank\" rel=\"noopener noreferrer\">Accessibilit\u00e0 alla documentazione scientifica<\/a><\/h3>\nCristian Bernareggi (Universit\u00e0 degli Studi di Milano)<br \/>\n#didattica #documentazionescientifica #latex #pdf\n<h3>12:15 &#8211; 13:00<\/h3>\n<p>{Track 1}<\/p>\n<h3><a href=\"https:\/\/old.accessibilitydays.it\/2019\/lectures\/inclusive-design\" target=\"_blank\" rel=\"noopener noreferrer\">Inclusive Design: Design for ONE, Design for ALL<\/a><\/h3>\nStefano Del Furia<br \/>\n#ux #design #dev #inclusive\n<h3>12:15 &#8211; 13:00<\/h3>\n<p>{Track 2}<\/p>\n<p>&nbsp;<\/p>\n<h3>12:15 &#8211; 13:00<\/h3>\n<p>{Track 3}<\/p>\n<h3><a href=\"https:\/\/old.accessibilitydays.it\/2019\/lectures\/validatori\" target=\"_blank\" rel=\"noopener noreferrer\">Strumenti automatici nella valutazione dell&#8217;accessibilit\u00e0 dei siti web.<\/a><\/h3>\nAntonio Giovanni Schiavone (IWA Italy)<br \/>\n#dev #web #validatori\n<h3><a href=\"https:\/\/old.accessibilitydays.it\/2019\/lectures\/gopher\" target=\"_blank\" rel=\"noopener noreferrer\">Introduction to Gopher, an accessible alternative to the Web<\/a><br \/>\n[Lingua: inglese\/italiano]<\/h3>\nRafael Minuesa, Sauro Cesaretti<br \/>\n#web #gopher\n<h3>13:00 &#8211; 14:00<\/h3>\n<p>{Track 1}<\/p>\n<h3>PRANZO A BUFFET<\/h3>\n<p>In collaborazione con &#8220;Il Forno Biologico &#8211; Cooperativa Sociale Piano B&#8221;<\/p>\n<h2>Sabato pomeriggio<\/h2>\n<h3>14:00 &#8211; 15:00<\/h3>\n<p>{Track 1}<\/p>\n<h3><a href=\"https:\/\/old.accessibilitydays.it\/2019\/lectures\/musica\" target=\"_blank\" rel=\"noopener noreferrer\">Software per creare musica: tavola rotonda sulla loro accessibilit\u00e0 (parte 1\/3)<\/a><\/h3>\nSpeaker vari<br \/>\n#musica #windows #apple\n<h3>14:00 &#8211; 15:00<\/h3>\n<p>{Track 2}<\/p>\n<h3><a href=\"https:\/\/old.accessibilitydays.it\/2019\/lectures\/non-chiamatela-accessibilita\" target=\"_blank\" rel=\"noopener noreferrer\">Non chiamatela Accessibilit\u00e0<\/a><\/h3>\nNicol\u00f2 Carpignoli ed Edoardo Cavazza<br \/>\n#web #design #leggibilit\u00e0\n<h3>14:00 &#8211; 16:00<\/h3>\n<p>{Track Maker}<\/p>\n<h3><a href=\"https:\/\/old.accessibilitydays.it\/2019\/lectures\/arduino-berretta\/\" target=\"_blank\" rel=\"noopener noreferrer\">Workshop &#8220;Arduino nella didattica inclusiva&#8221;<\/a><\/h3>\nGiulio Berretta<br \/>\n#arduino #maker #didattica #workshop\n<h3>14:00 &#8211; 15:00<\/h3>\n<p>{Ingresso Museo}<\/p>\n<h3>Visita guidata bendati al Museo Tattile Statale Omero<\/h3>\n<p>#museotattile #esperienzasensoriale<\/p>\n<h3>15:00 &#8211; 16:00<\/h3>\n<p>{Track 1}<\/p>\n<h3><a href=\"https:\/\/old.accessibilitydays.it\/2019\/lectures\/musica\" target=\"_blank\" rel=\"noopener noreferrer\">Software per creare musica: tavola rotonda sulla loro accessibilit\u00e0 (parte 2\/3)<\/a><\/h3>\nSpeaker vari<br \/>\n#musica #windows #apple\n<h3>15:00 &#8211; 16:00<\/h3>\n<p>{Track 2}<\/p>\n<h3><a href=\"https:\/\/old.accessibilitydays.it\/2019\/lectures\/spa\" rel=\"noopener\">Diamo ARIA alle nostre applicazioni. Le Single Page Application e le infinite problematiche di accessibilit\u00e0<\/a><\/h3>\nFabrizio Caccavello (IWA Italy)<br \/>\n#dev #web #SPA #ARIA\n<h3>15:00 &#8211; 16:00<\/h3>\n<p>{Track 3}<\/p>\n<h3><a href=\"https:\/\/old.accessibilitydays.it\/2019\/lectures\/apple-tecnologie-assistive\/\" target=\"_blank\" rel=\"noopener noreferrer\">Apple: le tecnologie assistive on-board<\/a><\/h3>\nMED Store +\u00a0Rossy Koumanova (Universal Access)<br \/>\n#mobile #apple #ux #dev\n<h3>16:00 &#8211; 17:00<\/h3>\n<p>{Track 1}<\/p>\n<h3><a href=\"https:\/\/old.accessibilitydays.it\/2019\/lectures\/musica\" target=\"_blank\" rel=\"noopener noreferrer\">Software per creare musica: tavola rotonda sulla loro accessibilit\u00e0 (parte 3\/3)<\/a><\/h3>\nSpeaker vari<br \/>\n#musica #windows #apple\n<h3>16:00 &#8211; 17:00<\/h3>\n<p>{Track 2}<\/p>\n<p>&nbsp;<\/p>\n<h3>16:00 &#8211; 17:00<\/h3>\n<p>{Track 3}<\/p>\n<p>&nbsp;<\/p>\n<h3><a href=\"https:\/\/old.accessibilitydays.it\/2019\/..\/lectures\/consuelo\" target=\"_blank\" rel=\"noopener noreferrer\">Communication as Inclusion<\/a><\/h3>\nConsuelo Agnesi<br \/>\n#architettura #barriere #sordit\u00e0 #sordocecit\u00e0 #disabilit\u00e0uditiva #musei #accessibleLight #comunicazione #inclusivit\u00e0\n<h3><a href=\"https:\/\/old.accessibilitydays.it\/2019\/..\/lectures\/nvda\" target=\"_blank\" rel=\"noopener noreferrer\">NVDA: un importante screen reader open source per Windows<\/a><\/h3>\nGiuseppe Fornaro (Referente Nazionale Ausili e Tecnologie Dell&#8217;UICI)<br \/>\n#screenreader #nvda #windows #opensource\n<h3>17:00 &#8211; 17:30<\/h3>\n<p>{Track 1}<\/p>\n<h3>APERITIVO DI CHIUSURA<\/h3>\n<p>In collaborazione con &#8220;Il Forno Biologico &#8211; Cooperativa Sociale Piano B&#8221;<\/p>\n<h5><em><a href=\"http:\/\/bit.ly\/ad2019-agenda\">Clicca qui<\/a> per visualizzare l&#8217;agenda come PDF in versione tabellare.<\/em><\/h5>\n\t\t\t<a href=\"https:\/\/old.accessibilitydays.it\/2019\/iscriviti\/\" target=\"_self\" role=\"button\" rel=\"noopener noreferrer\"><br \/>\n\t\t\t\t\t\tISCRIVITI SUBITO<br \/>\n\t\t<\/a>\n\n","protected":false},"excerpt":{"rendered":"<div class=\"entry-summary\">\n<div class=\"entry-summary\">\nClicca qui per visualizzare l&#8217;agenda come PDF in versione tabellare. Sabato mattina 09:00 &#8211; 09:30 Registrazione dei partecipanti 09:30 &#8211; 10:00 {Track 1} Discorso di benvenuto 10:00 &#8211; 11:00 {Track 1} &nbsp; 10:00 &#8211; 11:00 {Track 2} Storie di DSA&hellip;\n<\/div>\n<div class=\"link-more\"><a href=\"https:\/\/old.accessibilitydays.it\/2019\/it\/programma\/agenda-sabato\/\" class=\"more-link\">Continua a leggere <span class=\"screen-reader-text\"> &ldquo;Agenda del Sabato&rdquo;<\/span>&hellip;<\/a><\/div>\n<\/div>\n<div class=\"link-more\"><a href=\"https:\/\/old.accessibilitydays.it\/2019\/it\/programma\/agenda-sabato\/\" class=\"more-link\">Continua a leggere <span class=\"screen-reader-text\"> &ldquo;Agenda del Sabato&rdquo;<\/span>&hellip;<\/a><\/div>\n","protected":false},"author":4,"featured_media":0,"parent":52,"menu_order":0,"comment_status":"closed","ping_status":"closed","template":"","meta":{"_acf_changed":false,"footnotes":""},"class_list":["post-654","page","type-page","status-publish","hentry","entry"],"yoast_head":"<!-- This site is optimized with the Yoast SEO plugin v25.6 - https:\/\/yoast.com\/wordpress\/plugins\/seo\/ -->\n<title>Agenda del Sabato - Accessibility Days 2019<\/title>\n<meta name=\"robots\" content=\"index, follow, max-snippet:-1, max-image-preview:large, max-video-preview:-1\" \/>\n<link rel=\"canonical\" href=\"https:\/\/old.accessibilitydays.it\/2019\/it\/programma\/agenda-sabato\/\" \/>\n<meta property=\"og:locale\" content=\"it_IT\" \/>\n<meta property=\"og:type\" content=\"article\" \/>\n<meta property=\"og:title\" content=\"Agenda del Sabato - Accessibility Days 2019\" \/>\n<meta property=\"og:description\" content=\"Clicca qui per visualizzare l&#8217;agenda come PDF in versione tabellare. Sabato mattina 09:00 &#8211; 09:30 Registrazione dei partecipanti 09:30 &#8211; 10:00 {Track 1} Discorso di benvenuto 10:00 &#8211; 11:00 {Track 1} &nbsp; 10:00 &#8211; 11:00 {Track 2} Storie di DSA&hellip; Continua a leggere &ldquo;Agenda del Sabato&rdquo;&hellip;\" \/>\n<meta property=\"og:url\" content=\"https:\/\/old.accessibilitydays.it\/2019\/it\/programma\/agenda-sabato\/\" \/>\n<meta property=\"og:site_name\" content=\"Accessibility Days 2019\" \/>\n<meta property=\"article:publisher\" content=\"https:\/\/www.facebook.com\/AccessibilityDays\/\" \/>\n<meta property=\"article:modified_time\" content=\"2025-05-14T14:43:16+00:00\" \/>\n<meta name=\"twitter:card\" content=\"summary_large_image\" \/>\n<meta name=\"twitter:site\" content=\"@a11y_days\" \/>\n<meta name=\"twitter:label1\" content=\"Tempo di lettura stimato\" \/>\n\t<meta name=\"twitter:data1\" content=\"2 minuti\" \/>\n<script type=\"application\/ld+json\" class=\"yoast-schema-graph\">{\"@context\":\"https:\/\/schema.org\",\"@graph\":[{\"@type\":\"WebPage\",\"@id\":\"https:\/\/old.accessibilitydays.it\/2019\/it\/programma\/agenda-sabato\/\",\"url\":\"https:\/\/old.accessibilitydays.it\/2019\/it\/programma\/agenda-sabato\/\",\"name\":\"Agenda del Sabato - Accessibility Days 2019\",\"isPartOf\":{\"@id\":\"https:\/\/old.accessibilitydays.it\/2019\/#website\"},\"datePublished\":\"2019-04-17T22:09:10+00:00\",\"dateModified\":\"2025-05-14T14:43:16+00:00\",\"breadcrumb\":{\"@id\":\"https:\/\/old.accessibilitydays.it\/2019\/it\/programma\/agenda-sabato\/#breadcrumb\"},\"inLanguage\":\"it-IT\",\"potentialAction\":[{\"@type\":\"ReadAction\",\"target\":[\"https:\/\/old.accessibilitydays.it\/2019\/it\/programma\/agenda-sabato\/\"]}]},{\"@type\":\"BreadcrumbList\",\"@id\":\"https:\/\/old.accessibilitydays.it\/2019\/it\/programma\/agenda-sabato\/#breadcrumb\",\"itemListElement\":[{\"@type\":\"ListItem\",\"position\":1,\"name\":\"Home\",\"item\":\"https:\/\/old.accessibilitydays.it\/2019\/it\/\"},{\"@type\":\"ListItem\",\"position\":2,\"name\":\"Programma\",\"item\":\"https:\/\/old.accessibilitydays.it\/2019\/it\/programma\/\"},{\"@type\":\"ListItem\",\"position\":3,\"name\":\"Agenda del Sabato\"}]},{\"@type\":\"WebSite\",\"@id\":\"https:\/\/old.accessibilitydays.it\/2019\/#website\",\"url\":\"https:\/\/old.accessibilitydays.it\/2019\/\",\"name\":\"Accessibility Days 2019\",\"description\":\"Sensibilizzazione sull&#039;Accessibilit\u00e0 e sulle Disabilit\u00e0\",\"publisher\":{\"@id\":\"https:\/\/old.accessibilitydays.it\/2019\/#organization\"},\"potentialAction\":[{\"@type\":\"SearchAction\",\"target\":{\"@type\":\"EntryPoint\",\"urlTemplate\":\"https:\/\/old.accessibilitydays.it\/2019\/?s={search_term_string}\"},\"query-input\":{\"@type\":\"PropertyValueSpecification\",\"valueRequired\":true,\"valueName\":\"search_term_string\"}}],\"inLanguage\":\"it-IT\"},{\"@type\":\"Organization\",\"@id\":\"https:\/\/old.accessibilitydays.it\/2019\/#organization\",\"name\":\"Accessibility Days\",\"url\":\"https:\/\/old.accessibilitydays.it\/2019\/\",\"logo\":{\"@type\":\"ImageObject\",\"inLanguage\":\"it-IT\",\"@id\":\"https:\/\/old.accessibilitydays.it\/2019\/#\/schema\/logo\/image\/\",\"url\":\"https:\/\/accessibilitydays.it\/2019\/wp-content\/uploads\/sites\/4\/2020\/01\/Acessibility_Days-logo.png\",\"contentUrl\":\"https:\/\/accessibilitydays.it\/2019\/wp-content\/uploads\/sites\/4\/2020\/01\/Acessibility_Days-logo.png\",\"width\":1800,\"height\":1800,\"caption\":\"Accessibility Days\"},\"image\":{\"@id\":\"https:\/\/old.accessibilitydays.it\/2019\/#\/schema\/logo\/image\/\"},\"sameAs\":[\"https:\/\/www.facebook.com\/AccessibilityDays\/\",\"https:\/\/x.com\/a11y_days\",\"https:\/\/www.youtube.com\/channel\/UCzFrbfqazVbmlwwSeA4DjOw\",\"https:\/\/www.linkedin.com\/company\/accessibility-days\"]}]}<\/script>\n<!-- \/ Yoast SEO plugin. -->","yoast_head_json":{"title":"Agenda del Sabato - Accessibility Days 2019","robots":{"index":"index","follow":"follow","max-snippet":"max-snippet:-1","max-image-preview":"max-image-preview:large","max-video-preview":"max-video-preview:-1"},"canonical":"https:\/\/old.accessibilitydays.it\/2019\/it\/programma\/agenda-sabato\/","og_locale":"it_IT","og_type":"article","og_title":"Agenda del Sabato - Accessibility Days 2019","og_description":"Clicca qui per visualizzare l&#8217;agenda come PDF in versione tabellare. Sabato mattina 09:00 &#8211; 09:30 Registrazione dei partecipanti 09:30 &#8211; 10:00 {Track 1} Discorso di benvenuto 10:00 &#8211; 11:00 {Track 1} &nbsp; 10:00 &#8211; 11:00 {Track 2} Storie di DSA&hellip; Continua a leggere &ldquo;Agenda del Sabato&rdquo;&hellip;","og_url":"https:\/\/old.accessibilitydays.it\/2019\/it\/programma\/agenda-sabato\/","og_site_name":"Accessibility Days 2019","article_publisher":"https:\/\/www.facebook.com\/AccessibilityDays\/","article_modified_time":"2025-05-14T14:43:16+00:00","twitter_card":"summary_large_image","twitter_site":"@a11y_days","twitter_misc":{"Tempo di lettura stimato":"2 minuti"},"schema":{"@context":"https:\/\/schema.org","@graph":[{"@type":"WebPage","@id":"https:\/\/old.accessibilitydays.it\/2019\/it\/programma\/agenda-sabato\/","url":"https:\/\/old.accessibilitydays.it\/2019\/it\/programma\/agenda-sabato\/","name":"Agenda del Sabato - Accessibility Days 2019","isPartOf":{"@id":"https:\/\/old.accessibilitydays.it\/2019\/#website"},"datePublished":"2019-04-17T22:09:10+00:00","dateModified":"2025-05-14T14:43:16+00:00","breadcrumb":{"@id":"https:\/\/old.accessibilitydays.it\/2019\/it\/programma\/agenda-sabato\/#breadcrumb"},"inLanguage":"it-IT","potentialAction":[{"@type":"ReadAction","target":["https:\/\/old.accessibilitydays.it\/2019\/it\/programma\/agenda-sabato\/"]}]},{"@type":"BreadcrumbList","@id":"https:\/\/old.accessibilitydays.it\/2019\/it\/programma\/agenda-sabato\/#breadcrumb","itemListElement":[{"@type":"ListItem","position":1,"name":"Home","item":"https:\/\/old.accessibilitydays.it\/2019\/it\/"},{"@type":"ListItem","position":2,"name":"Programma","item":"https:\/\/old.accessibilitydays.it\/2019\/it\/programma\/"},{"@type":"ListItem","position":3,"name":"Agenda del Sabato"}]},{"@type":"WebSite","@id":"https:\/\/old.accessibilitydays.it\/2019\/#website","url":"https:\/\/old.accessibilitydays.it\/2019\/","name":"Accessibility Days 2019","description":"Sensibilizzazione sull&#039;Accessibilit\u00e0 e sulle Disabilit\u00e0","publisher":{"@id":"https:\/\/old.accessibilitydays.it\/2019\/#organization"},"potentialAction":[{"@type":"SearchAction","target":{"@type":"EntryPoint","urlTemplate":"https:\/\/old.accessibilitydays.it\/2019\/?s={search_term_string}"},"query-input":{"@type":"PropertyValueSpecification","valueRequired":true,"valueName":"search_term_string"}}],"inLanguage":"it-IT"},{"@type":"Organization","@id":"https:\/\/old.accessibilitydays.it\/2019\/#organization","name":"Accessibility Days","url":"https:\/\/old.accessibilitydays.it\/2019\/","logo":{"@type":"ImageObject","inLanguage":"it-IT","@id":"https:\/\/old.accessibilitydays.it\/2019\/#\/schema\/logo\/image\/","url":"https:\/\/accessibilitydays.it\/2019\/wp-content\/uploads\/sites\/4\/2020\/01\/Acessibility_Days-logo.png","contentUrl":"https:\/\/accessibilitydays.it\/2019\/wp-content\/uploads\/sites\/4\/2020\/01\/Acessibility_Days-logo.png","width":1800,"height":1800,"caption":"Accessibility Days"},"image":{"@id":"https:\/\/old.accessibilitydays.it\/2019\/#\/schema\/logo\/image\/"},"sameAs":["https:\/\/www.facebook.com\/AccessibilityDays\/","https:\/\/x.com\/a11y_days","https:\/\/www.youtube.com\/channel\/UCzFrbfqazVbmlwwSeA4DjOw","https:\/\/www.linkedin.com\/company\/accessibility-days"]}]}},"acf":[],"_links":{"self":[{"href":"https:\/\/old.accessibilitydays.it\/2019\/wp-json\/wp\/v2\/pages\/654","targetHints":{"allow":["GET"]}}],"collection":[{"href":"https:\/\/old.accessibilitydays.it\/2019\/wp-json\/wp\/v2\/pages"}],"about":[{"href":"https:\/\/old.accessibilitydays.it\/2019\/wp-json\/wp\/v2\/types\/page"}],"author":[{"embeddable":true,"href":"https:\/\/old.accessibilitydays.it\/2019\/wp-json\/wp\/v2\/users\/4"}],"replies":[{"embeddable":true,"href":"https:\/\/old.accessibilitydays.it\/2019\/wp-json\/wp\/v2\/comments?post=654"}],"version-history":[{"count":71,"href":"https:\/\/old.accessibilitydays.it\/2019\/wp-json\/wp\/v2\/pages\/654\/revisions"}],"predecessor-version":[{"id":1923,"href":"https:\/\/old.accessibilitydays.it\/2019\/wp-json\/wp\/v2\/pages\/654\/revisions\/1923"}],"up":[{"embeddable":true,"href":"https:\/\/old.accessibilitydays.it\/2019\/wp-json\/wp\/v2\/pages\/52"}],"wp:attachment":[{"href":"https:\/\/old.accessibilitydays.it\/2019\/wp-json\/wp\/v2\/media?parent=654"}],"curies":[{"name":"wp","href":"https:\/\/api.w.org\/{rel}","templated":true}]}}