{"id":1926,"date":"2020-03-26T12:53:22","date_gmt":"2020-03-26T11:53:22","guid":{"rendered":"https:\/\/accessibilitydays.it\/2020\/?page_id=1926"},"modified":"2025-05-14T16:40:23","modified_gmt":"2025-05-14T14:40:23","slug":"obiettivi-delle-donazioni-e-sponsorizzazioni-ce","status":"publish","type":"page","link":"https:\/\/old.accessibilitydays.it\/2020\/it\/organizzatori-e-sponsor\/obiettivi-delle-donazioni-e-sponsorizzazioni-ce\/","title":{"rendered":"Obiettivi delle donazioni e sponsorizzazioni"},"content":{"rendered":"\n\n\t\t\n<table id=\"tablepress-4\" class=\"tablepress tablepress-id-4\">\n<thead>\n<tr class=\"row-1\">\n\t<th class=\"column-1\">Obiettivo<\/th><th class=\"column-2\">Budget indicativo<\/th><th class=\"column-3\">Percentuale raggiungimento<\/th>\n<\/tr>\n<\/thead>\n<tbody class=\"row-striping row-hover\">\n<tr class=\"row-2\">\n\t<td class=\"column-1\">Service (proiettori, impianto audio, connessione Internet, ...)<\/td><td class=\"column-2\">1.000 \u20ac<\/td><td class=\"column-3\"><div class=\"progress progress50\"><\/div><\/td>\n<\/tr>\n<tr class=\"row-3\">\n\t<td class=\"column-1\">Tipografia<\/td><td class=\"column-2\">2-300 \u20ac<\/td><td class=\"column-3\"><div class=\"progress progress40\"><\/div><\/td>\n<\/tr>\n<tr class=\"row-4\">\n\t<td class=\"column-1\">Servizi legati alla mobilit\u00e0, accompagnamento ed accoglienza di chi ha particolari esigenze<\/td><td class=\"column-2\">da definire<\/td><td class=\"column-3\"><div class=\"progress progress100\"><\/div><\/td>\n<\/tr>\n<tr class=\"row-5\">\n\t<td class=\"column-1\">Riprese video<\/td><td class=\"column-2\">1.700 \u20ac<\/td><td class=\"column-3\"><div class=\"progress progress0\"><\/div><\/td>\n<\/tr>\n<tr class=\"row-6\">\n\t<td class=\"column-1\">Trascrizione \"live\" delle sessioni per sordi e ipoacusici in Track 1<\/td><td class=\"column-2\">950 \u20ac<\/td><td class=\"column-3\"><div class=\"progress progress5\"><\/div><\/td>\n<\/tr>\n<tr class=\"row-7\">\n\t<td class=\"column-1\">Coffee break (4 in totale)<\/td><td class=\"column-2\">da definire<\/td><td class=\"column-3\"><\/td>\n<\/tr>\n<tr class=\"row-8\">\n\t<td class=\"column-1\">Magliette per staff e speaker<\/td><td class=\"column-2\">4-500\u20ac<\/td><td class=\"column-3\"><\/td>\n<\/tr>\n<tr class=\"row-9\">\n\t<td class=\"column-1\">Pranzo (2 giorni)<\/td><td class=\"column-2\">da definire<\/td><td class=\"column-3\"><\/td>\n<\/tr>\n<tr class=\"row-10\">\n\t<td class=\"column-1\">Trascrizione \"live\" delle sessioni per sordi e ipoacusici in Track 2<\/td><td class=\"column-2\">950 \u20ac<\/td><td class=\"column-3\"><\/td>\n<\/tr>\n<\/tbody>\n<\/table>\n<!-- #tablepress-4 from cache --><br \/>\n\t\t\t<a href=\"https:\/\/www.paypal.com\/cgi-bin\/webscr?cmd=_s-xclick&amp;hosted_button_id=APNEUDEPYPT4G&amp;source=url\" target=\"_self\" role=\"button\" rel=\"noopener noreferrer\"><br \/>\n\t\t\t\t\t\tFai una donazione con PayPal!<br \/>\n\t\t<\/a><br \/>\n\t\t\t<a href=\"https:\/\/old.accessibilitydays.it\/2020\/it\/organizzatori-e-sponsor\/diventa-sponsor\/\" target=\"_self\" role=\"button\" rel=\"noopener noreferrer\"><br \/>\n\t\t\t\t\t\tSponsorizza gli Accessibility Days!<br \/>\n\t\t<\/a>\n<p>Gli Accessibility Days sono una manifestazione <strong>no-profit<\/strong> per la quale ci stiamo sforzando ad avere un <strong>ingresso gratuito<\/strong>, in modo tale da avere il maggior numero di partecipanti possibile.<\/p>\n<p>Un evento con una complessit\u00e0 del genere (2 giornate con 3 track ed oltre 40 speaker, laboratori, esperienze sensoriali, etc&#8230;) richiede sia alcune spese imprescindibili (es. strumenti per avere una buona qualit\u00e0 audio\/video delle sessioni, il pagamento di alcuni servizi professionali che non riusciamo a svolgere con i nostri volontari, etc&#8230;), sia altre spese per servizi che possono essere opzionali, ma aiuterebbero di molto ad innalzare il livello della qualit\u00e0 della conferenza, e quindi l&#8217;esperienza per i partecipanti e per chi potr\u00e0 visionarne il materiale successivamente.<\/p>\n<h3>Esigenze specifiche degli Accessibility Days<\/h3>\n<p>Oltre ai servizi finora citati, comuni a qualsiasi manifestazione mediamente complessa, gli Accessibility Days, data la natura dell&#8217;argomento trattato, comportano ulteriori necessit\u00e0 che sarebbe bellissimo se riuscissimo a gestire, ma potremmo farlo solo grazie al contributo degli sponsor e di chi fa donazioni. Tutto ci\u00f2 per dare il buon esempio e poter mettere in pratica ci\u00f2 che &#8220;predichiamo&#8221;, andando a migliorare sensibilmente l&#8217;esperienza e l&#8217;accessibilit\u00e0 nella partecipazione agli Accessibility Days <strong>per tutti<\/strong>!<\/p>\n<h3>Lista degli obiettivi<\/h3>\n<p>In una situazione normale, a questo punto dell&#8217;organizzazione dell&#8217;evento avremmo gi\u00e0 avuto una lista degli obiettivi che avremmo voluto raggiungere per l&#8217;evento: attrezzature da noleggiare come proiettori, servizi come le registrazioni dei video, coffee break e magari anche pranzo per i partecipanti e cos\u00ec via.<\/p>\n<p><strong>Data la situazione di emergenza attuale causata dal Covid-19, ci troviamo a portare avanti l&#8217;organizzazione dell&#8217;evento in una situazione di incertezza.<\/strong><\/p>\n<p>Da un lato abbiamo deciso di erogare in ogni caso l&#8217;evento in streaming: questo per\u00f2 <strong>non significa che, purtroppo, non avremo spese<\/strong>. Nei prossimi giorni valuteremo le piattaforme che ci consentiranno al meglio di erogare l&#8217;evento in streaming, ma dovendo dare priorit\u00e0 assoluta ad una soluzione che ci consenta di ottenere il livello di accessibilit\u00e0 di cui abbiamo bisogno, non escludiamo di dover utilizzare strumenti a pagamento. Inoltre, molti di questi servizi richiedono il pagamento di quote superiori per poter effettuare lo streaming ad un maggior numero di persone. Avremo poi bisogno comunque di una &#8220;regia&#8221; che ci consenta di erogare al meglio l&#8217;evento, che comunque ha una certa complessit\u00e0 (ricordiamo che la passata edizione ha avuto oltre 40 speaker su 3 track per due giorni!), e che ci aiuti poi anche ad editare e pubblicare i video ed il materiale dell&#8217;evento, tutti servizi professionali che potrebbero avere dei costi che potremo valutare meglio solo nelle prossime settimane.<\/p>\n<p>E se la situazione di emergenza dovesse rientrare, cercheremo di fare qualcosa anche presso l&#8217;Istituto dei Ciechi di Milano! Se e cosa potremo organizzare, per\u00f2, potremo saperlo solo nelle prossime settimane, quindi anche su questo fronte non possiamo al momento stilare una lista degli obiettivi.<\/p>\n<p><strong>Anche se purtroppo non possiamo ancora definire una lista degli obiettivi precisa, vi chiediamo comunque di supportarci con donazioni e sponsorizzazioni, in modo che, quando avremo definito di preciso questa lista (e probabilmente ci\u00f2 potr\u00e0 avvenire solo a poche settimane dall&#8217;evento stesso!) saremo comunque pronti per fare il miglior Accessibility Days possibile&#8230; ed il pi\u00f9 inclusivo per tutti!<\/strong><\/p>\n\t\t\t<a href=\"https:\/\/www.paypal.com\/cgi-bin\/webscr?cmd=_s-xclick&amp;hosted_button_id=APNEUDEPYPT4G&amp;source=url\" target=\"_self\" role=\"button\" rel=\"noopener noreferrer\"><br \/>\n\t\t\t\t\t\tFai una donazione con PayPal!<br \/>\n\t\t<\/a><br \/>\n\t\t\t<a href=\"https:\/\/old.accessibilitydays.it\/2020\/it\/organizzatori-e-sponsor\/diventa-sponsor\/\" target=\"_self\" role=\"button\" rel=\"noopener noreferrer\"><br \/>\n\t\t\t\t\t\tSponsorizza gli Accessibility Days!<br \/>\n\t\t<\/a>\n\n","protected":false},"excerpt":{"rendered":"<div class=\"entry-summary\">\n<div class=\"entry-summary\">\nFai una donazione con PayPal! Sponsorizza gli Accessibility Days! Gli Accessibility Days sono una manifestazione no-profit per la quale ci stiamo sforzando ad avere un ingresso gratuito, in modo tale da avere il maggior numero di partecipanti possibile. Un evento&hellip;\n<\/div>\n<div class=\"link-more\"><a href=\"https:\/\/old.accessibilitydays.it\/2020\/it\/organizzatori-e-sponsor\/obiettivi-delle-donazioni-e-sponsorizzazioni-ce\/\" class=\"more-link\">Continua a leggere <span class=\"screen-reader-text\"> &ldquo;Obiettivi delle donazioni e sponsorizzazioni&rdquo;<\/span>&hellip;<\/a><\/div>\n<\/div>\n<div class=\"link-more\"><a href=\"https:\/\/old.accessibilitydays.it\/2020\/it\/organizzatori-e-sponsor\/obiettivi-delle-donazioni-e-sponsorizzazioni-ce\/\" class=\"more-link\">Continua a leggere <span class=\"screen-reader-text\"> &ldquo;Obiettivi delle donazioni e sponsorizzazioni&rdquo;<\/span>&hellip;<\/a><\/div>\n","protected":false},"author":4,"featured_media":0,"parent":623,"menu_order":0,"comment_status":"closed","ping_status":"closed","template":"","meta":{"_acf_changed":false,"footnotes":""},"class_list":["post-1926","page","type-page","status-publish","hentry","entry"],"yoast_head":"<!-- This site is optimized with the Yoast SEO plugin v25.6 - https:\/\/yoast.com\/wordpress\/plugins\/seo\/ -->\n<title>Obiettivi delle donazioni e sponsorizzazioni - Accessibility Days 2020<\/title>\n<meta name=\"robots\" content=\"index, follow, max-snippet:-1, max-image-preview:large, max-video-preview:-1\" \/>\n<link rel=\"canonical\" href=\"https:\/\/old.accessibilitydays.it\/2020\/it\/organizzatori-e-sponsor\/obiettivi-delle-donazioni-e-sponsorizzazioni-ce\/\" \/>\n<meta property=\"og:locale\" content=\"it_IT\" \/>\n<meta property=\"og:type\" content=\"article\" \/>\n<meta property=\"og:title\" content=\"Obiettivi delle donazioni e sponsorizzazioni - Accessibility Days 2020\" \/>\n<meta property=\"og:description\" content=\"Fai una donazione con PayPal! Sponsorizza gli Accessibility Days! Gli Accessibility Days sono una manifestazione no-profit per la quale ci stiamo sforzando ad avere un ingresso gratuito, in modo tale da avere il maggior numero di partecipanti possibile. Un evento&hellip; Continua a leggere &ldquo;Obiettivi delle donazioni e sponsorizzazioni&rdquo;&hellip;\" \/>\n<meta property=\"og:url\" content=\"https:\/\/old.accessibilitydays.it\/2020\/it\/organizzatori-e-sponsor\/obiettivi-delle-donazioni-e-sponsorizzazioni-ce\/\" \/>\n<meta property=\"og:site_name\" content=\"Accessibility Days 2020\" \/>\n<meta property=\"article:modified_time\" content=\"2025-05-14T14:40:23+00:00\" \/>\n<meta name=\"twitter:card\" content=\"summary_large_image\" \/>\n<meta name=\"twitter:label1\" content=\"Tempo di lettura stimato\" \/>\n\t<meta name=\"twitter:data1\" content=\"3 minuti\" \/>\n<script type=\"application\/ld+json\" class=\"yoast-schema-graph\">{\"@context\":\"https:\/\/schema.org\",\"@graph\":[{\"@type\":\"WebPage\",\"@id\":\"https:\/\/old.accessibilitydays.it\/2020\/it\/organizzatori-e-sponsor\/obiettivi-delle-donazioni-e-sponsorizzazioni-ce\/\",\"url\":\"https:\/\/old.accessibilitydays.it\/2020\/it\/organizzatori-e-sponsor\/obiettivi-delle-donazioni-e-sponsorizzazioni-ce\/\",\"name\":\"Obiettivi delle donazioni e sponsorizzazioni - Accessibility Days 2020\",\"isPartOf\":{\"@id\":\"https:\/\/old.accessibilitydays.it\/2020\/#website\"},\"datePublished\":\"2020-03-26T11:53:22+00:00\",\"dateModified\":\"2025-05-14T14:40:23+00:00\",\"breadcrumb\":{\"@id\":\"https:\/\/old.accessibilitydays.it\/2020\/it\/organizzatori-e-sponsor\/obiettivi-delle-donazioni-e-sponsorizzazioni-ce\/#breadcrumb\"},\"inLanguage\":\"it-IT\",\"potentialAction\":[{\"@type\":\"ReadAction\",\"target\":[\"https:\/\/old.accessibilitydays.it\/2020\/it\/organizzatori-e-sponsor\/obiettivi-delle-donazioni-e-sponsorizzazioni-ce\/\"]}]},{\"@type\":\"BreadcrumbList\",\"@id\":\"https:\/\/old.accessibilitydays.it\/2020\/it\/organizzatori-e-sponsor\/obiettivi-delle-donazioni-e-sponsorizzazioni-ce\/#breadcrumb\",\"itemListElement\":[{\"@type\":\"ListItem\",\"position\":1,\"name\":\"Home\",\"item\":\"https:\/\/old.accessibilitydays.it\/2020\/it\/\"},{\"@type\":\"ListItem\",\"position\":2,\"name\":\"Organizzatori e Sponsor\",\"item\":\"https:\/\/old.accessibilitydays.it\/2020\/it\/organizzatori-e-sponsor\/\"},{\"@type\":\"ListItem\",\"position\":3,\"name\":\"Obiettivi delle donazioni e sponsorizzazioni\"}]},{\"@type\":\"WebSite\",\"@id\":\"https:\/\/old.accessibilitydays.it\/2020\/#website\",\"url\":\"https:\/\/old.accessibilitydays.it\/2020\/\",\"name\":\"Accessibility Days 2020\",\"description\":\"Sensibilizzazione sull&#039;Accessibilit\u00e0 e sulle Disabilit\u00e0\",\"publisher\":{\"@id\":\"https:\/\/old.accessibilitydays.it\/2020\/#organization\"},\"potentialAction\":[{\"@type\":\"SearchAction\",\"target\":{\"@type\":\"EntryPoint\",\"urlTemplate\":\"https:\/\/old.accessibilitydays.it\/2020\/?s={search_term_string}\"},\"query-input\":{\"@type\":\"PropertyValueSpecification\",\"valueRequired\":true,\"valueName\":\"search_term_string\"}}],\"inLanguage\":\"it-IT\"},{\"@type\":\"Organization\",\"@id\":\"https:\/\/old.accessibilitydays.it\/2020\/#organization\",\"name\":\"Accessibility Days 2020\",\"url\":\"https:\/\/old.accessibilitydays.it\/2020\/\",\"logo\":{\"@type\":\"ImageObject\",\"inLanguage\":\"it-IT\",\"@id\":\"https:\/\/old.accessibilitydays.it\/2020\/#\/schema\/logo\/image\/\",\"url\":\"https:\/\/old.accessibilitydays.it\/2020\/wp-content\/uploads\/sites\/5\/2020\/01\/cropped-accessibility_days_2020-logo-1.jpg\",\"contentUrl\":\"https:\/\/old.accessibilitydays.it\/2020\/wp-content\/uploads\/sites\/5\/2020\/01\/cropped-accessibility_days_2020-logo-1.jpg\",\"width\":445,\"height\":282,\"caption\":\"Accessibility Days 2020\"},\"image\":{\"@id\":\"https:\/\/old.accessibilitydays.it\/2020\/#\/schema\/logo\/image\/\"}}]}<\/script>\n<!-- \/ Yoast SEO plugin. -->","yoast_head_json":{"title":"Obiettivi delle donazioni e sponsorizzazioni - Accessibility Days 2020","robots":{"index":"index","follow":"follow","max-snippet":"max-snippet:-1","max-image-preview":"max-image-preview:large","max-video-preview":"max-video-preview:-1"},"canonical":"https:\/\/old.accessibilitydays.it\/2020\/it\/organizzatori-e-sponsor\/obiettivi-delle-donazioni-e-sponsorizzazioni-ce\/","og_locale":"it_IT","og_type":"article","og_title":"Obiettivi delle donazioni e sponsorizzazioni - Accessibility Days 2020","og_description":"Fai una donazione con PayPal! Sponsorizza gli Accessibility Days! Gli Accessibility Days sono una manifestazione no-profit per la quale ci stiamo sforzando ad avere un ingresso gratuito, in modo tale da avere il maggior numero di partecipanti possibile. Un evento&hellip; Continua a leggere &ldquo;Obiettivi delle donazioni e sponsorizzazioni&rdquo;&hellip;","og_url":"https:\/\/old.accessibilitydays.it\/2020\/it\/organizzatori-e-sponsor\/obiettivi-delle-donazioni-e-sponsorizzazioni-ce\/","og_site_name":"Accessibility Days 2020","article_modified_time":"2025-05-14T14:40:23+00:00","twitter_card":"summary_large_image","twitter_misc":{"Tempo di lettura stimato":"3 minuti"},"schema":{"@context":"https:\/\/schema.org","@graph":[{"@type":"WebPage","@id":"https:\/\/old.accessibilitydays.it\/2020\/it\/organizzatori-e-sponsor\/obiettivi-delle-donazioni-e-sponsorizzazioni-ce\/","url":"https:\/\/old.accessibilitydays.it\/2020\/it\/organizzatori-e-sponsor\/obiettivi-delle-donazioni-e-sponsorizzazioni-ce\/","name":"Obiettivi delle donazioni e sponsorizzazioni - Accessibility Days 2020","isPartOf":{"@id":"https:\/\/old.accessibilitydays.it\/2020\/#website"},"datePublished":"2020-03-26T11:53:22+00:00","dateModified":"2025-05-14T14:40:23+00:00","breadcrumb":{"@id":"https:\/\/old.accessibilitydays.it\/2020\/it\/organizzatori-e-sponsor\/obiettivi-delle-donazioni-e-sponsorizzazioni-ce\/#breadcrumb"},"inLanguage":"it-IT","potentialAction":[{"@type":"ReadAction","target":["https:\/\/old.accessibilitydays.it\/2020\/it\/organizzatori-e-sponsor\/obiettivi-delle-donazioni-e-sponsorizzazioni-ce\/"]}]},{"@type":"BreadcrumbList","@id":"https:\/\/old.accessibilitydays.it\/2020\/it\/organizzatori-e-sponsor\/obiettivi-delle-donazioni-e-sponsorizzazioni-ce\/#breadcrumb","itemListElement":[{"@type":"ListItem","position":1,"name":"Home","item":"https:\/\/old.accessibilitydays.it\/2020\/it\/"},{"@type":"ListItem","position":2,"name":"Organizzatori e Sponsor","item":"https:\/\/old.accessibilitydays.it\/2020\/it\/organizzatori-e-sponsor\/"},{"@type":"ListItem","position":3,"name":"Obiettivi delle donazioni e sponsorizzazioni"}]},{"@type":"WebSite","@id":"https:\/\/old.accessibilitydays.it\/2020\/#website","url":"https:\/\/old.accessibilitydays.it\/2020\/","name":"Accessibility Days 2020","description":"Sensibilizzazione sull&#039;Accessibilit\u00e0 e sulle Disabilit\u00e0","publisher":{"@id":"https:\/\/old.accessibilitydays.it\/2020\/#organization"},"potentialAction":[{"@type":"SearchAction","target":{"@type":"EntryPoint","urlTemplate":"https:\/\/old.accessibilitydays.it\/2020\/?s={search_term_string}"},"query-input":{"@type":"PropertyValueSpecification","valueRequired":true,"valueName":"search_term_string"}}],"inLanguage":"it-IT"},{"@type":"Organization","@id":"https:\/\/old.accessibilitydays.it\/2020\/#organization","name":"Accessibility Days 2020","url":"https:\/\/old.accessibilitydays.it\/2020\/","logo":{"@type":"ImageObject","inLanguage":"it-IT","@id":"https:\/\/old.accessibilitydays.it\/2020\/#\/schema\/logo\/image\/","url":"https:\/\/old.accessibilitydays.it\/2020\/wp-content\/uploads\/sites\/5\/2020\/01\/cropped-accessibility_days_2020-logo-1.jpg","contentUrl":"https:\/\/old.accessibilitydays.it\/2020\/wp-content\/uploads\/sites\/5\/2020\/01\/cropped-accessibility_days_2020-logo-1.jpg","width":445,"height":282,"caption":"Accessibility Days 2020"},"image":{"@id":"https:\/\/old.accessibilitydays.it\/2020\/#\/schema\/logo\/image\/"}}]}},"acf":[],"_links":{"self":[{"href":"https:\/\/old.accessibilitydays.it\/2020\/wp-json\/wp\/v2\/pages\/1926","targetHints":{"allow":["GET"]}}],"collection":[{"href":"https:\/\/old.accessibilitydays.it\/2020\/wp-json\/wp\/v2\/pages"}],"about":[{"href":"https:\/\/old.accessibilitydays.it\/2020\/wp-json\/wp\/v2\/types\/page"}],"author":[{"embeddable":true,"href":"https:\/\/old.accessibilitydays.it\/2020\/wp-json\/wp\/v2\/users\/4"}],"replies":[{"embeddable":true,"href":"https:\/\/old.accessibilitydays.it\/2020\/wp-json\/wp\/v2\/comments?post=1926"}],"version-history":[{"count":13,"href":"https:\/\/old.accessibilitydays.it\/2020\/wp-json\/wp\/v2\/pages\/1926\/revisions"}],"predecessor-version":[{"id":3070,"href":"https:\/\/old.accessibilitydays.it\/2020\/wp-json\/wp\/v2\/pages\/1926\/revisions\/3070"}],"up":[{"embeddable":true,"href":"https:\/\/old.accessibilitydays.it\/2020\/wp-json\/wp\/v2\/pages\/623"}],"wp:attachment":[{"href":"https:\/\/old.accessibilitydays.it\/2020\/wp-json\/wp\/v2\/media?parent=1926"}],"curies":[{"name":"wp","href":"https:\/\/api.w.org\/{rel}","templated":true}]}}