{"id":1014,"date":"2019-04-28T22:53:42","date_gmt":"2019-04-28T20:53:42","guid":{"rendered":"https:\/\/accessibilitydays.it\/2021\/?page_id=1014"},"modified":"2025-05-14T16:36:53","modified_gmt":"2025-05-14T14:36:53","slug":"diventa-sponsor","status":"publish","type":"page","link":"https:\/\/old.accessibilitydays.it\/2021\/it\/organizzatori-e-sponsor\/diventa-sponsor\/","title":{"rendered":"Sponsorizza l&#8217;evento o fai una donazione"},"content":{"rendered":"\n\n\t<p>Accessibility Days \u00e8 una manifestazione no-profit per la quale ci stiamo sforzando ad avere un ingresso gratuito, in modo tale da avere il maggior numero di partecipanti possibile. Un evento del genere richiede per\u00f2 molte spese, soprattutto se si vuole far s\u00ec che i partecipanti possano avere la\u00a0<strong>migliore esperienza possibile (ovviamente anche in termini di accessibilit\u00e0!)<\/strong>, e nonostante il supporto dei tanti volontari che ci danno una mano, per alcuni servizi dobbiamo rivolgerci a dei professionisti, anche per le responsabilit\u00e0 che richiedono tali compiti.<\/p>\n\t\t\t<a href=\"https:\/\/old.accessibilitydays.it\/2021\/it\/organizzatori-e-sponsor\/obiettivi-delle-donazioni-e-sponsorizzazioni-ce\/\" target=\"_self\" role=\"button\" rel=\"noopener\"><br \/>\n\t\t\t\t\t\tVedi i costi dell&#8217;evento<br \/>\n\t\t<\/a>\n<hr \/>\n<h3 id=\"donazione\">Donazioni per importi inferiori a 500 \u20ac<\/h3>\n<p>Se vuoi darci un contributo per la buona riuscita dell&#8217;evento, \u00e8 possibile effettuare una donazione: verr\u00e0 inserito il tuo nominativo nell&#8217;elenco dei donatori, mostrato nel sito e durante gli interventi di apertura della conferenza.<\/p>\n\t\t\t<a href=\"https:\/\/old.accessibilitydays.it\/donate\" target=\"_self\" role=\"button\" rel=\"noopener\"><br \/>\n\t\t\t\t\t\tFai una donazione<br \/>\n\t\t<\/a>\n<hr \/>\n<h2>Sponsorizza l&#8217;evento<\/h2>\n<p>&nbsp;<\/p>\n<h4>Livelli di sponsorizzazione (versione a tabella)<\/h4>\n<p>&nbsp;<\/p>\n\n<table id=\"tablepress-2\" class=\"tablepress tablepress-id-2\">\n<thead>\n<tr class=\"row-1\">\n\t<td class=\"column-1\"><\/td><th class=\"column-2\">Silver<br \/>\n(500\u20ac)<\/th><th class=\"column-3\">Gold<br \/>\n(1.000\u20ac)<\/th><th class=\"column-4\">Platinum<br \/>\n(1.500\u20ac)<\/th>\n<\/tr>\n<\/thead>\n<tbody class=\"row-striping row-hover\">\n<tr class=\"row-2\">\n\t<td class=\"column-1\">Logo nel sito<\/td><td class=\"column-2\">\u2714<\/td><td class=\"column-3\">\u2714<\/td><td class=\"column-4\">\u2714<\/td>\n<\/tr>\n<tr class=\"row-3\">\n\t<td class=\"column-1\">Logo su slide mostrata ad inizio presentazione dagli speaker<\/td><td class=\"column-2\">\u2714<\/td><td class=\"column-3\">\u2714<\/td><td class=\"column-4\">\u2714<\/td>\n<\/tr>\n<tr class=\"row-4\">\n\t<td class=\"column-1\">Post sui social prima dell'evento (Facebook, Twitter, Linkedin), con possibilit\u00e0 di linkare uno specifico articolo scritto dallo sponsor<\/td><td class=\"column-2\">\u2714<\/td><td class=\"column-3\">\u2714<\/td><td class=\"column-4\">\u2714<\/td>\n<\/tr>\n<tr class=\"row-5\">\n\t<td class=\"column-1\">Ore di valutazione di accessibilit\u00e0 di un proprio software o dispositivo <code>1<\/code><\/td><td class=\"column-2\"><a href=\"https:\/\/old.accessibilitydays.it\/2021\/it\/accessibility-game\/\">Tramite l'Accessibility Game<\/a><\/td><td class=\"column-3\">8<\/td><td class=\"column-4\">12<\/td>\n<\/tr>\n<tr class=\"row-6\">\n\t<td class=\"column-1\">Accesso ai dati degli iscritti che hanno fornito il consenso<\/td><td class=\"column-2\">-<\/td><td class=\"column-3\">\u2714<\/td><td class=\"column-4\">\u2714<\/td>\n<\/tr>\n<tr class=\"row-7\">\n\t<td class=\"column-1\">Menzione durante i keynote di apertura della conferenza<\/td><td class=\"column-2\">-<\/td><td class=\"column-3\">\u2714<\/td><td class=\"column-4\">\u2714<\/td>\n<\/tr>\n<tr class=\"row-8\">\n\t<td class=\"column-1\">Mostrata per 30 secondi una slide durante la pausa tra una sessione e l'altra (preparazione a cura dello sponsor)<\/td><td class=\"column-2\">-<\/td><td class=\"column-3\">\u2714<\/td><td class=\"column-4\">\u2714<\/td>\n<\/tr>\n<tr class=\"row-9\">\n\t<td class=\"column-1\">Logo nei comunicati stampa<\/td><td class=\"column-2\">-<\/td><td class=\"column-3\">\u2714<\/td><td class=\"column-4\">\u2714<\/td>\n<\/tr>\n<tr class=\"row-10\">\n\t<td class=\"column-1\">Menzione nella mail di ringraziamento post-evento<\/td><td class=\"column-2\">-<\/td><td class=\"column-3\">\u2714<\/td><td class=\"column-4\">\u2714<\/td>\n<\/tr>\n<tr class=\"row-11\">\n\t<td class=\"column-1\">Menzione nei post di ringraziamento post-evento sui social<\/td><td class=\"column-2\">-<\/td><td class=\"column-3\">\u2714<\/td><td class=\"column-4\">\u2714<\/td>\n<\/tr>\n<tr class=\"row-12\">\n\t<td class=\"column-1\">Logo nella chiusura dei video delle sessioni, pubblicati su YouTube<\/td><td class=\"column-2\">-<\/td><td class=\"column-3\">\u2714<\/td><td class=\"column-4\">\u2714<\/td>\n<\/tr>\n<tr class=\"row-13\">\n\t<td class=\"column-1\">Slot riservato in agenda per un talk<\/td><td class=\"column-2\">-<\/td><td class=\"column-3\">-<\/td><td class=\"column-4\">\u2714<\/td>\n<\/tr>\n<tr class=\"row-14\">\n\t<td class=\"column-1\">3 minuti a disposizione durante i keynote di venerd\u00ec e sabato (video pre-registrato)<\/td><td class=\"column-2\">-<\/td><td class=\"column-3\">-<\/td><td class=\"column-4\">\u2714<\/td>\n<\/tr>\n<tr class=\"row-15\">\n\t<td class=\"column-1\">Sponsorizzazione del post su Facebook, per target specifico indicato dallo sponsor (per un importo extra sponsorizzazione)<\/td><td class=\"column-2\">-<\/td><td class=\"column-3\">-<\/td><td class=\"column-4\">\u2714<\/td>\n<\/tr>\n<tr class=\"row-16\">\n\t<td class=\"column-1\">Accesso ad un canale Discord dedicato allo sponsor <code>2<\/code><\/td><td class=\"column-2\">-<\/td><td class=\"column-3\">-<\/td><td class=\"column-4\">\u2714<\/td>\n<\/tr>\n<tr class=\"row-17\">\n\t<td class=\"column-1\">Possibilit\u00e0 di utilizzare un video di 45 secondi al posto della slide usata durante la pausa tra una sessione e l'altra<\/td><td class=\"column-2\">-<\/td><td class=\"column-3\">-<\/td><td class=\"column-4\">\u2714<\/td>\n<\/tr>\n<\/tbody>\n<\/table>\n<!-- #tablepress-2 from cache -->\n\t\t\t<a href=\"mailto:accessibilitydays@gmail.com\" target=\"_self\" role=\"button\" rel=\"noopener\"><br \/>\n\t\t\t\t\t\tContattaci per diventare sponsor<br \/>\n\t\t<\/a>\n<hr \/>\n<h3>Livelli di sponsorizzazione (versione a lista)<\/h3>\n<p>&nbsp;<\/p>\n<h4>Silver: \u20ac 500<\/h4>\n<ul>\n<li>Logo nel sito.<\/li>\n<li>Logo su slide mostrata ad inizio presentazione dagli speaker.<\/li>\n<li>Post sui social prima dell&#8217;evento (Facebook, Twitter, Linkedin), con possibilit\u00e0 di linkare uno specifico articolo scritto dallo sponsor.<\/li>\n<li>Possibilit\u00e0 di accedere alle valutazioni di accessibilit\u00e0 di un proprio software o dispositivo tramite le modalit\u00e0 dell&#8217;<a href=\"https:\/\/old.accessibilitydays.it\/2021\/it\/accessibility-game\/\">Accessibility Game<\/a>.<\/li>\n<\/ul>\n<h4>Gold: \u20ac 1.000<\/h4>\n<ul>\n<li>Tutti i servizi del livello Silver.<\/li>\n<li>Accesso ai dati degli iscritti che hanno fornito il consenso.<\/li>\n<li>Menzione durante i keynote di apertura della conferenza.<\/li>\n<li>Mostrata per 30 secondi una slide durante la pausa tra una sessione e l&#8217;altra (preparazione a cura dello sponsor).<\/li>\n<li>Logo nei comunicati stampa.<\/li>\n<li>Menzione nella mail di ringraziamento post-evento.<\/li>\n<li>Menzione nei post di ringraziamento post-evento sui social.<\/li>\n<li>Logo nella chiusura dei video delle sessioni, pubblicati su YouTube.<\/li>\n<li>8 ore di valutazione di accessibilit\u00e0 di un proprio software o dispositivo. <sup>1<\/sup><\/li>\n<\/ul>\n<h4>Platinum: \u20ac 1.500<\/h4>\n<ul>\n<li>Tutti i servizi del livello Gold.<\/li>\n<li>Slot riservato in agenda per un talk.<\/li>\n<li>3 minuti a disposizione durante i keynote di venerd\u00ec e sabato (video pre-registrato).<\/li>\n<li>Sponsorizzazione del post su Facebook, per target specifico indicato dallo sponsor (per un importo extra sponsorizzazione).<\/li>\n<li>Accesso ad un canale Discord dedicato allo sponsor. <sup>2<\/sup><\/li>\n<li>Possibilit\u00e0 di utilizzare un video di 45 secondi al posto della slide usata durante la pausa tra una sessione e l&#8217;altra.<\/li>\n<li>12 ore di valutazione di accessibilit\u00e0 di un proprio software o dispositivo. <sup>1<\/sup><\/li>\n<\/ul>\n\t\t\t<a href=\"mailto:accessibilitydays@gmail.com\" target=\"_self\" role=\"button\" rel=\"noopener\"><br \/>\n\t\t\t\t\t\tContattaci per diventare sponsor<br \/>\n\t\t<\/a>\n<hr \/>\n<h4>Note:<\/h4>\n<ol>\n<li>Valutazioni di accessibilit\u00e0: sono a disposizione degli esperti nelle tecnologie assistive per le disabilit\u00e0 visive per eseguire dei test di valutazione di siti web o app mobile\/desktop e verificarne l&#8217;accessibilit\u00e0 rispetto alle WCAG 2.1.<br \/>\nLe valutazioni verranno fatte su piattaforme Windows e Mac con gli screen reader pi\u00f9 noti e su device mobili basati su iOS ed Android.<br \/>\nInoltre, verranno fatti test di valutazione per quanto concerne l&#8217;ipovisione, usando strumenti ad hoc.<\/li>\n<li>Durante l&#8217;evento utilizzeremo l&#8217;applicazione <a href=\"https:\/\/discord.com\/\">Discord<\/a> per attivit\u00e0 di networking e per fare domande agli speaker anche dopo che la loro sessione \u00e8 terminata. Gli sponsor che ne hanno diritto avranno un loro canale dedicato, con cui potranno fare attivit\u00e0 di networking. L&#8217;attivit\u00e0 su Discord \u00e8 a discrezione dello sponsor, compresa la possibilit\u00e0 di aprire dei meeting su propri strumenti per interagire coi partecipanti tramite audio\/video.<\/li>\n<\/ol>\n\n","protected":false},"excerpt":{"rendered":"<div class=\"entry-summary\">\n<div class=\"entry-summary\">\nAccessibility Days \u00e8 una manifestazione no-profit per la quale ci stiamo sforzando ad avere un ingresso gratuito, in modo tale da avere il maggior numero di partecipanti possibile. Un evento del genere richiede per\u00f2 molte spese, soprattutto se si vuole&hellip;\n<\/div>\n<div class=\"link-more\"><a href=\"https:\/\/old.accessibilitydays.it\/2021\/it\/organizzatori-e-sponsor\/diventa-sponsor\/\" class=\"more-link\">Continua a leggere <span class=\"screen-reader-text\"> &ldquo;Sponsorizza l&#8217;evento o fai una donazione&rdquo;<\/span>&hellip;<\/a><\/div>\n<\/div>\n<div class=\"link-more\"><a href=\"https:\/\/old.accessibilitydays.it\/2021\/it\/organizzatori-e-sponsor\/diventa-sponsor\/\" class=\"more-link\">Continua a leggere <span class=\"screen-reader-text\"> &ldquo;Sponsorizza l&#8217;evento o fai una donazione&rdquo;<\/span>&hellip;<\/a><\/div>\n","protected":false},"author":2,"featured_media":0,"parent":623,"menu_order":0,"comment_status":"closed","ping_status":"closed","template":"","meta":{"_acf_changed":false,"footnotes":""},"class_list":["post-1014","page","type-page","status-publish","hentry","entry"],"yoast_head":"<!-- This site is optimized with the Yoast SEO plugin v25.6 - https:\/\/yoast.com\/wordpress\/plugins\/seo\/ -->\n<title>Sponsorizza l&#039;evento o fai una donazione - Accessibility Days 2021<\/title>\n<meta name=\"robots\" content=\"index, follow, max-snippet:-1, max-image-preview:large, max-video-preview:-1\" \/>\n<link rel=\"canonical\" href=\"https:\/\/old.accessibilitydays.it\/2021\/it\/organizzatori-e-sponsor\/diventa-sponsor\/\" \/>\n<meta property=\"og:locale\" content=\"it_IT\" \/>\n<meta property=\"og:type\" content=\"article\" \/>\n<meta property=\"og:title\" content=\"Sponsorizza l&#039;evento o fai una donazione - Accessibility Days 2021\" \/>\n<meta property=\"og:description\" content=\"Accessibility Days \u00e8 una manifestazione no-profit per la quale ci stiamo sforzando ad avere un ingresso gratuito, in modo tale da avere il maggior numero di partecipanti possibile. Un evento del genere richiede per\u00f2 molte spese, soprattutto se si vuole&hellip; Continua a leggere &ldquo;Sponsorizza l&#8217;evento o fai una donazione&rdquo;&hellip;\" \/>\n<meta property=\"og:url\" content=\"https:\/\/old.accessibilitydays.it\/2021\/it\/organizzatori-e-sponsor\/diventa-sponsor\/\" \/>\n<meta property=\"og:site_name\" content=\"Accessibility Days 2021\" \/>\n<meta property=\"article:publisher\" content=\"https:\/\/www.facebook.com\/AccessibilityDays\/\" \/>\n<meta property=\"article:modified_time\" content=\"2025-05-14T14:36:53+00:00\" \/>\n<meta name=\"twitter:card\" content=\"summary_large_image\" \/>\n<meta name=\"twitter:site\" content=\"@a11y_days\" \/>\n<meta name=\"twitter:label1\" content=\"Tempo di lettura stimato\" \/>\n\t<meta name=\"twitter:data1\" content=\"3 minuti\" \/>\n<script type=\"application\/ld+json\" class=\"yoast-schema-graph\">{\"@context\":\"https:\/\/schema.org\",\"@graph\":[{\"@type\":\"WebPage\",\"@id\":\"https:\/\/old.accessibilitydays.it\/2021\/it\/organizzatori-e-sponsor\/diventa-sponsor\/\",\"url\":\"https:\/\/old.accessibilitydays.it\/2021\/it\/organizzatori-e-sponsor\/diventa-sponsor\/\",\"name\":\"Sponsorizza l'evento o fai una donazione - Accessibility Days 2021\",\"isPartOf\":{\"@id\":\"https:\/\/old.accessibilitydays.it\/2021\/#website\"},\"datePublished\":\"2019-04-28T20:53:42+00:00\",\"dateModified\":\"2025-05-14T14:36:53+00:00\",\"breadcrumb\":{\"@id\":\"https:\/\/old.accessibilitydays.it\/2021\/it\/organizzatori-e-sponsor\/diventa-sponsor\/#breadcrumb\"},\"inLanguage\":\"it-IT\",\"potentialAction\":[{\"@type\":\"ReadAction\",\"target\":[\"https:\/\/old.accessibilitydays.it\/2021\/it\/organizzatori-e-sponsor\/diventa-sponsor\/\"]}]},{\"@type\":\"BreadcrumbList\",\"@id\":\"https:\/\/old.accessibilitydays.it\/2021\/it\/organizzatori-e-sponsor\/diventa-sponsor\/#breadcrumb\",\"itemListElement\":[{\"@type\":\"ListItem\",\"position\":1,\"name\":\"Home\",\"item\":\"https:\/\/old.accessibilitydays.it\/2021\/it\/\"},{\"@type\":\"ListItem\",\"position\":2,\"name\":\"Organizzatori e Sponsor\",\"item\":\"https:\/\/old.accessibilitydays.it\/2021\/it\/organizzatori-e-sponsor\/\"},{\"@type\":\"ListItem\",\"position\":3,\"name\":\"Sponsorizza l&#8217;evento o fai una donazione\"}]},{\"@type\":\"WebSite\",\"@id\":\"https:\/\/old.accessibilitydays.it\/2021\/#website\",\"url\":\"https:\/\/old.accessibilitydays.it\/2021\/\",\"name\":\"Accessibility Days 2021\",\"description\":\"Sensibilizzazione sull&#039;Accessibilit\u00e0 e sulle Disabilit\u00e0\",\"publisher\":{\"@id\":\"https:\/\/old.accessibilitydays.it\/2021\/#organization\"},\"potentialAction\":[{\"@type\":\"SearchAction\",\"target\":{\"@type\":\"EntryPoint\",\"urlTemplate\":\"https:\/\/old.accessibilitydays.it\/2021\/?s={search_term_string}\"},\"query-input\":{\"@type\":\"PropertyValueSpecification\",\"valueRequired\":true,\"valueName\":\"search_term_string\"}}],\"inLanguage\":\"it-IT\"},{\"@type\":\"Organization\",\"@id\":\"https:\/\/old.accessibilitydays.it\/2021\/#organization\",\"name\":\"Accessibility Days\",\"url\":\"https:\/\/old.accessibilitydays.it\/2021\/\",\"logo\":{\"@type\":\"ImageObject\",\"inLanguage\":\"it-IT\",\"@id\":\"https:\/\/old.accessibilitydays.it\/2021\/#\/schema\/logo\/image\/\",\"url\":\"https:\/\/old.accessibilitydays.it\/2021\/wp-content\/uploads\/sites\/7\/2021\/03\/Logo-sito.jpg\",\"contentUrl\":\"https:\/\/old.accessibilitydays.it\/2021\/wp-content\/uploads\/sites\/7\/2021\/03\/Logo-sito.jpg\",\"width\":300,\"height\":190,\"caption\":\"Accessibility Days\"},\"image\":{\"@id\":\"https:\/\/old.accessibilitydays.it\/2021\/#\/schema\/logo\/image\/\"},\"sameAs\":[\"https:\/\/www.facebook.com\/AccessibilityDays\/\",\"https:\/\/x.com\/a11y_days\",\"https:\/\/www.linkedin.com\/company\/accessibility-days\/\",\"https:\/\/www.youtube.com\/channel\/UCzFrbfqazVbmlwwSeA4DjOw\"]}]}<\/script>\n<!-- \/ Yoast SEO plugin. -->","yoast_head_json":{"title":"Sponsorizza l'evento o fai una donazione - Accessibility Days 2021","robots":{"index":"index","follow":"follow","max-snippet":"max-snippet:-1","max-image-preview":"max-image-preview:large","max-video-preview":"max-video-preview:-1"},"canonical":"https:\/\/old.accessibilitydays.it\/2021\/it\/organizzatori-e-sponsor\/diventa-sponsor\/","og_locale":"it_IT","og_type":"article","og_title":"Sponsorizza l'evento o fai una donazione - Accessibility Days 2021","og_description":"Accessibility Days \u00e8 una manifestazione no-profit per la quale ci stiamo sforzando ad avere un ingresso gratuito, in modo tale da avere il maggior numero di partecipanti possibile. Un evento del genere richiede per\u00f2 molte spese, soprattutto se si vuole&hellip; Continua a leggere &ldquo;Sponsorizza l&#8217;evento o fai una donazione&rdquo;&hellip;","og_url":"https:\/\/old.accessibilitydays.it\/2021\/it\/organizzatori-e-sponsor\/diventa-sponsor\/","og_site_name":"Accessibility Days 2021","article_publisher":"https:\/\/www.facebook.com\/AccessibilityDays\/","article_modified_time":"2025-05-14T14:36:53+00:00","twitter_card":"summary_large_image","twitter_site":"@a11y_days","twitter_misc":{"Tempo di lettura stimato":"3 minuti"},"schema":{"@context":"https:\/\/schema.org","@graph":[{"@type":"WebPage","@id":"https:\/\/old.accessibilitydays.it\/2021\/it\/organizzatori-e-sponsor\/diventa-sponsor\/","url":"https:\/\/old.accessibilitydays.it\/2021\/it\/organizzatori-e-sponsor\/diventa-sponsor\/","name":"Sponsorizza l'evento o fai una donazione - Accessibility Days 2021","isPartOf":{"@id":"https:\/\/old.accessibilitydays.it\/2021\/#website"},"datePublished":"2019-04-28T20:53:42+00:00","dateModified":"2025-05-14T14:36:53+00:00","breadcrumb":{"@id":"https:\/\/old.accessibilitydays.it\/2021\/it\/organizzatori-e-sponsor\/diventa-sponsor\/#breadcrumb"},"inLanguage":"it-IT","potentialAction":[{"@type":"ReadAction","target":["https:\/\/old.accessibilitydays.it\/2021\/it\/organizzatori-e-sponsor\/diventa-sponsor\/"]}]},{"@type":"BreadcrumbList","@id":"https:\/\/old.accessibilitydays.it\/2021\/it\/organizzatori-e-sponsor\/diventa-sponsor\/#breadcrumb","itemListElement":[{"@type":"ListItem","position":1,"name":"Home","item":"https:\/\/old.accessibilitydays.it\/2021\/it\/"},{"@type":"ListItem","position":2,"name":"Organizzatori e Sponsor","item":"https:\/\/old.accessibilitydays.it\/2021\/it\/organizzatori-e-sponsor\/"},{"@type":"ListItem","position":3,"name":"Sponsorizza l&#8217;evento o fai una donazione"}]},{"@type":"WebSite","@id":"https:\/\/old.accessibilitydays.it\/2021\/#website","url":"https:\/\/old.accessibilitydays.it\/2021\/","name":"Accessibility Days 2021","description":"Sensibilizzazione sull&#039;Accessibilit\u00e0 e sulle Disabilit\u00e0","publisher":{"@id":"https:\/\/old.accessibilitydays.it\/2021\/#organization"},"potentialAction":[{"@type":"SearchAction","target":{"@type":"EntryPoint","urlTemplate":"https:\/\/old.accessibilitydays.it\/2021\/?s={search_term_string}"},"query-input":{"@type":"PropertyValueSpecification","valueRequired":true,"valueName":"search_term_string"}}],"inLanguage":"it-IT"},{"@type":"Organization","@id":"https:\/\/old.accessibilitydays.it\/2021\/#organization","name":"Accessibility Days","url":"https:\/\/old.accessibilitydays.it\/2021\/","logo":{"@type":"ImageObject","inLanguage":"it-IT","@id":"https:\/\/old.accessibilitydays.it\/2021\/#\/schema\/logo\/image\/","url":"https:\/\/old.accessibilitydays.it\/2021\/wp-content\/uploads\/sites\/7\/2021\/03\/Logo-sito.jpg","contentUrl":"https:\/\/old.accessibilitydays.it\/2021\/wp-content\/uploads\/sites\/7\/2021\/03\/Logo-sito.jpg","width":300,"height":190,"caption":"Accessibility Days"},"image":{"@id":"https:\/\/old.accessibilitydays.it\/2021\/#\/schema\/logo\/image\/"},"sameAs":["https:\/\/www.facebook.com\/AccessibilityDays\/","https:\/\/x.com\/a11y_days","https:\/\/www.linkedin.com\/company\/accessibility-days\/","https:\/\/www.youtube.com\/channel\/UCzFrbfqazVbmlwwSeA4DjOw"]}]}},"acf":[],"_links":{"self":[{"href":"https:\/\/old.accessibilitydays.it\/2021\/wp-json\/wp\/v2\/pages\/1014","targetHints":{"allow":["GET"]}}],"collection":[{"href":"https:\/\/old.accessibilitydays.it\/2021\/wp-json\/wp\/v2\/pages"}],"about":[{"href":"https:\/\/old.accessibilitydays.it\/2021\/wp-json\/wp\/v2\/types\/page"}],"author":[{"embeddable":true,"href":"https:\/\/old.accessibilitydays.it\/2021\/wp-json\/wp\/v2\/users\/2"}],"replies":[{"embeddable":true,"href":"https:\/\/old.accessibilitydays.it\/2021\/wp-json\/wp\/v2\/comments?post=1014"}],"version-history":[{"count":43,"href":"https:\/\/old.accessibilitydays.it\/2021\/wp-json\/wp\/v2\/pages\/1014\/revisions"}],"predecessor-version":[{"id":4260,"href":"https:\/\/old.accessibilitydays.it\/2021\/wp-json\/wp\/v2\/pages\/1014\/revisions\/4260"}],"up":[{"embeddable":true,"href":"https:\/\/old.accessibilitydays.it\/2021\/wp-json\/wp\/v2\/pages\/623"}],"wp:attachment":[{"href":"https:\/\/old.accessibilitydays.it\/2021\/wp-json\/wp\/v2\/media?parent=1014"}],"curies":[{"name":"wp","href":"https:\/\/api.w.org\/{rel}","templated":true}]}}