{"id":4521,"date":"2022-04-06T17:15:26","date_gmt":"2022-04-06T15:15:26","guid":{"rendered":"https:\/\/accessibilitydays.it\/2022\/?page_id=4521"},"modified":"2025-05-14T16:09:47","modified_gmt":"2025-05-14T14:09:47","slug":"webinar-pre-evento","status":"publish","type":"page","link":"https:\/\/old.accessibilitydays.it\/2022\/it\/webinar-pre-evento\/","title":{"rendered":"Webinar pre-evento &#8220;Aspettando gli Accessibility Days 2022&#8221;"},"content":{"rendered":"\n\n\t\tA partire da met\u00e0 aprile, una nuova serie di webinar &#8220;<strong>aspettando gli Accessibility Days 2022<\/strong>&#8220;!<br \/>\nUna serie di incontri per raccontare cosa troveremo durante l&#8217;evento, spaziando dai contenuti di alcuni espositori, a quelli di alcune sessioni e workshop.\n<h2>Lista dei webinar<\/h2>\n\t\t\t\t<a href=\"https:\/\/bit.ly\/ad2022-webinar-video-legal-design\" target=\"_self\" itemprop=\"url\" rel=\"noopener\"><br \/>\n\t\t\t\t<img loading=\"lazy\" decoding=\"async\" src=\"https:\/\/old.accessibilitydays.it\/2022\/wp-content\/uploads\/sites\/8\/2022\/04\/Legal-design-accessibilita-informative-legali-e-Cookie-Banner.jpeg\" alt=\"Copertina del webinar Legal design, accessibilit\u00e0, informative legali e Cookie Banner\" itemprop=\"image\" height=\"684\" width=\"1368\" title=\"Copertina del webinar Legal design, accessibilit\u00e0, informative legali e Cookie Banner\" onerror=\"this.style.display='none'\"  \/><br \/>\n\t\t\t\t<\/a>\n<h3>Gioved\u00ec 14 aprile &#8211; ore 17.00<\/h3>\n<h3><a href=\"https:\/\/bit.ly\/ad2022-webinar-video-legal-design\">Legal design, accessibilit\u00e0, informative legali e Cookie Banner<\/a><\/h3>\nSpeaker: dott. Valentino Spataro<br \/>\nModeratrice: avv. Hayd\u00e9e Longo\n<strong><a href=\"https:\/\/bit.ly\/ad2022-webinar-video-legal-design\">VAI AL VIDEO DEL WEBINAR<br \/>\n&#8220;Legal design, accessibilit\u00e0, informative legali e Cookie Banner&#8221;<\/a><\/strong><br \/>\n\t\t\t\t<a href=\"https:\/\/bit.ly\/ad2022-webinar-video-rai\" target=\"_self\" itemprop=\"url\" rel=\"noopener\"><br \/>\n\t\t\t\t<img loading=\"lazy\" decoding=\"async\" src=\"https:\/\/old.accessibilitydays.it\/2022\/wp-content\/uploads\/sites\/8\/2022\/04\/RAI.png\" alt=\"Copertina webinar &quot;RAI: \u2028tecnologie e modelli editoriali per l'inclusione&quot;\" itemprop=\"image\" height=\"684\" width=\"1368\" title=\"Copertina webinar &quot;RAI: \u2028tecnologie e modelli editoriali  per l'inclusione&quot;\" onerror=\"this.style.display='none'\"  \/><br \/>\n\t\t\t\t<\/a>\n<h3>Gioved\u00ec 21 aprile &#8211; ore 17.00<\/h3>\n<h3><a href=\"https:\/\/bit.ly\/ad2022-webinar-video-rai\">RAI: tecnologie e modelli editoriali per l&#8217;inclusione<\/a><\/h3>\n<p>Speaker: Carmen Marino, Andrea del Principe, Maria Chiara Andriello<\/p>\n<strong><a href=\"https:\/\/bit.ly\/ad2022-webinar-video-rai\">VAI AL VIDEO DEL WEBINAR<br \/>\nRAI: tecnologie e modelli editoriali per l&#8217;inclusione&#8221;<\/a><\/strong><br \/>\n\t\t\t\t<a href=\"https:\/\/bit.ly\/ad2022-webinar-video-lavoropiu\" target=\"_self\" itemprop=\"url\" rel=\"noopener\"><br \/>\n\t\t\t\t<img loading=\"lazy\" decoding=\"async\" src=\"https:\/\/old.accessibilitydays.it\/2022\/wp-content\/uploads\/sites\/8\/2022\/04\/Lavoropiu.jpeg\" alt=\"Copertina webinar &quot;Lavoropi\u00f9: opportunit\u00e0 di recruiting agli Accessibility Days 2022&quot;\" itemprop=\"image\" height=\"684\" width=\"1368\" title=\"Copertina webinar &quot;Lavoropi\u00f9: opportunit\u00e0 di recruiting agli Accessibility Days 2022&quot;\" onerror=\"this.style.display='none'\"  \/><br \/>\n\t\t\t\t<\/a>\n<h3>Gioved\u00ec 28 aprile &#8211; ore 17.00<\/h3>\n<h3><a href=\"https:\/\/bit.ly\/ad2022-webinar-video-lavoropiu\">Lavoropi\u00f9: opportunit\u00e0 di recruiting agli Accessibility Days 2022<\/a><\/h3>\n<p>Speaker: Erica Corti &amp; Erica Riganelli (Career Consultants @ Lavoropi\u00f9 Spa)<\/p>\n<strong><a href=\"https:\/\/bit.ly\/ad2022-webinar-video-lavoropiu\">VAI AL VIDEO DEL WEBINAR<br \/>\nLavoropi\u00f9: opportunit\u00e0 di recruiting agli Accessibility Days 2022&#8243;<\/a><\/strong><br \/>\n\t\t\t\t<a href=\"https:\/\/bit.ly\/ad2022-webinar-video-caccavello-small-talks\" target=\"_self\" itemprop=\"url\" rel=\"noopener\"><br \/>\n\t\t\t\t<img loading=\"lazy\" decoding=\"async\" src=\"https:\/\/old.accessibilitydays.it\/2022\/wp-content\/uploads\/sites\/8\/2022\/04\/Fabrizio.jpg\" alt=\"Copertina del webinar &quot;L'accessibilit\u00e0: perch\u00e9 riguarda anche te, ma ancora non lo sai&quot;\" itemprop=\"image\" height=\"400\" width=\"800\" title=\"Copertina del webinar &quot;L'accessibilit\u00e0: perch\u00e9 riguarda anche te, ma ancora non lo sai&quot;\" onerror=\"this.style.display='none'\"  \/><br \/>\n\t\t\t\t<\/a>\n<h3>Gioved\u00ec 28 aprile &#8211; ore 17.00<\/h3>\n<h3><a href=\"https:\/\/bit.ly\/ad2022-webinar-video-caccavello-small-talks\">L&#8217;accessibilit\u00e0: perch\u00e9 riguarda anche te, ma ancora non lo sai<\/a><\/h3>\n<p>Speaker: Fabrizio Caccavello (Web accessibility expert @ IWA Italy &#8211; International Web Association)<\/p>\n<strong><a href=\"https:\/\/bit.ly\/ad2022-webinar-video-caccavello-small-talks\">VAI AL VIDEO DEL WEBINAR<br \/>\nL&#8217;accessibilit\u00e0: perch\u00e9 riguarda anche te, ma ancora non lo sai<\/a><\/strong><br \/>\n\t\t\t\t<a href=\"https:\/\/bit.ly\/ad2022-webinar-video-community-design\" target=\"_self\" itemprop=\"url\" rel=\"noopener\"><br \/>\n\t\t\t\t<img loading=\"lazy\" decoding=\"async\" src=\"https:\/\/old.accessibilitydays.it\/2022\/wp-content\/uploads\/sites\/8\/2022\/04\/Community-Design.png\" alt=\"Copertina webinar &quot;Community Design: Progettare con le community per le community&quot;\" itemprop=\"image\" height=\"630\" width=\"1200\" title=\"Copertina webinar &quot;Community Design: Progettare con le community per le community&quot;\" onerror=\"this.style.display='none'\"  \/><br \/>\n\t\t\t\t<\/a>\n<h3>Marted\u00ec 3 maggio &#8211; ore 17:00<\/h3>\n<h3><a href=\"https:\/\/bit.ly\/ad2022-webinar-video-community-design\">Community Design: Progettare con le community per le community<\/a><\/h3>\n<p>Speaker: Proxima Spa (Societ\u00e0 Benefit) + Lato Srl (Societ\u00e0 Benefit) <\/p>\n<strong><a href=\"https:\/\/bit.ly\/ad2022-webinar-video-community-design\">VAI AL VIDEO DEL WEBINAR<br \/>\nCommunity Design: Progettare con le community per le community<br \/>\n<\/a><\/strong><br \/>\n\t\t\t\t<a href=\"https:\/\/www.eventbrite.it\/e\/biglietti-sviluppo-web-accessibile-fabio-biondi-incontra-il-team-accessibility-days-324924336437?aff=website\" target=\"_self\" itemprop=\"url\" rel=\"noopener\"><br \/>\n\t\t\t\t<img loading=\"lazy\" decoding=\"async\" src=\"https:\/\/old.accessibilitydays.it\/2022\/wp-content\/uploads\/sites\/8\/2022\/04\/copertina-small.jpg\" alt=\"Copertina webinar &quot;Sviluppo Web Accessibile: Fabio Biondi incontra il team Accessibility Days&quot;\" itemprop=\"image\" height=\"400\" width=\"800\" title=\"Copertina webinar &quot;Sviluppo Web Accessibile: Fabio Biondi incontra il team Accessibility Days&quot;\" onerror=\"this.style.display='none'\"  \/><br \/>\n\t\t\t\t<\/a>\n<h3>Gioved&igrave; 5 maggio &#8211; ore 21:40<\/h3>\n<h3>Sviluppo Web Accessibile: Fabio Biondi incontra il team Accessibility Days<\/h3>\n<p>Speaker: Fabio Biondi, il team degli Accessibility Days, Diana Bernabei<\/p>\n<p><strong><a href=\"https:\/\/www.eventbrite.it\/e\/biglietti-sviluppo-web-accessibile-fabio-biondi-incontra-il-team-accessibility-days-324924336437?aff=website\">ISCRIVITI AL WEBINAR<br \/>Sviluppo Web Accessibile: Fabio Biondi incontra il team Accessibility Days<\/a><\/strong><\/p>\n\t\t\t\t<a href=\"https:\/\/bit.ly\/ad2022-webinar-lettura-condivisa-bambini-sordi\" target=\"_self\" itemprop=\"url\" rel=\"noopener\"><br \/>\n\t\t\t\t<img loading=\"lazy\" decoding=\"async\" src=\"https:\/\/old.accessibilitydays.it\/2022\/wp-content\/uploads\/sites\/8\/2022\/05\/template-webinar-Accessibility-days-pres.001.jpeg\" alt=\"Copertina webinar &quot;Lettura condivisa con i bambini sordi: il ruolo delle nuove tecnologie&quot;\" itemprop=\"image\" height=\"684\" width=\"1368\" title=\"Copertina webinar &quot;Lettura condivisa con i bambini sordi: il ruolo delle nuove tecnologie&quot;\" onerror=\"this.style.display='none'\"  \/><br \/>\n\t\t\t\t<\/a>\n<h3>Marted\u00ec 10 maggio &#8211; ore 17:00<\/h3>\n<h3>Lettura condivisa con i bambini sordi: il ruolo delle nuove tecnologie<\/h3>\n<p>Speaker: <\/p>\n<ol>\n<li>Olga Capirci (Dirigente di Ricerca Istituto di Scienze e Tecnologie della Cognizione CNR)<\/li>\n<li>Cristiana Sanalitro (Dottoranda di ricerca in &#8220;Mente e Tecnologie nella societ\u00e0 digitale&#8221; presso l&#8217;Universit\u00e0 Telematica Internazionale Uninettuno)<\/li>\n<li> Tommaso Lucioli (Collaboratore Tecnico presso l&#8217;Istituto di Scienze e Tecnologie della Cognizione del CNR)<\/li>\n<li>Luca Lamano (Collaboratore Tecnico presso l&#8217;Istituto di Scienze e Tecnologie della Cognizione del CNR)\n<\/li>\n<\/ol>\n<strong><a href=\"https:\/\/bit.ly\/ad2022-webinar-lettura-condivisa-bambini-sordi\">VAI AL VIDEO DEL WEBINAR<br \/>\nLettura condivisa con i bambini sordi: il ruolo delle nuove tecnologie<\/a><\/strong><br \/>\n\t\t\t\t<a href=\"https:\/\/www.eventbrite.it\/e\/biglietti-scienza-musica-arte-e-design-accessibili-a-persone-con-disabilita-visiva-331526975107?aff=website\" target=\"_self\" itemprop=\"url\" rel=\"noopener\"><br \/>\n\t\t\t\t<img loading=\"lazy\" decoding=\"async\" src=\"https:\/\/old.accessibilitydays.it\/2022\/wp-content\/uploads\/sites\/8\/2022\/05\/Webinar-disabilita-visiva.png\" alt=\"Copertina webinar &quot;Scienza, Musica, Arte e Design accessibili a persone con disabilit\u00e0 visiva&quot;\" itemprop=\"image\" height=\"684\" width=\"1368\" title=\"Copertina webinar &quot;Scienza, Musica, Arte e Design accessibili a persone con disabilit\u00e0 visiva&quot;\" onerror=\"this.style.display='none'\"  \/><br \/>\n\t\t\t\t<\/a>\n<h3>Gioved\u00ec 12 maggio &#8211; orario indicativo 15<\/h3>\n<h3>Scienza, Musica, Arte e Design accessibili alle persone con disabilit\u00e0 visiva.<\/h3>\n<p>Presentazione del software Edico per le materie scientifiche, di ODLA per la musica, e della mostra organizzata per i giorni della conferenza dal Dipartimento di Design del Politecnico di Milano per sensibilizzare il pubblico sulle problematicit\u00e0 e potenzialit\u00e0 dell&#8217;accessibilit\u00e0 all&#8217;arte per tutti<\/p>\n<strong><a href=\"https:\/\/www.eventbrite.it\/e\/biglietti-scienza-musica-arte-e-design-accessibili-a-persone-con-disabilita-visiva-331526975107?aff=website\">ISCRIVITI AL WEBINAR<br \/>\nScienza, Musica, Arte e Design accessibili a persone con disabilit\u00e0 visiva<\/a><\/strong>\n\n","protected":false},"excerpt":{"rendered":"<div class=\"entry-summary\">\n<div class=\"entry-summary\">\nA partire da met\u00e0 aprile, una nuova serie di webinar &#8220;aspettando gli Accessibility Days 2022&#8220;! Una serie di incontri per raccontare cosa troveremo durante l&#8217;evento, spaziando dai contenuti di alcuni espositori, a quelli di alcune sessioni e workshop. Lista dei&hellip;\n<\/div>\n<div class=\"link-more\"><a href=\"https:\/\/old.accessibilitydays.it\/2022\/it\/webinar-pre-evento\/\" class=\"more-link\">Continua a leggere <span class=\"screen-reader-text\"> &ldquo;Webinar pre-evento &#8220;Aspettando gli Accessibility Days 2022&#8221;&rdquo;<\/span>&hellip;<\/a><\/div>\n<\/div>\n<div class=\"link-more\"><a href=\"https:\/\/old.accessibilitydays.it\/2022\/it\/webinar-pre-evento\/\" class=\"more-link\">Continua a leggere <span class=\"screen-reader-text\"> &ldquo;Webinar pre-evento &#8220;Aspettando gli Accessibility Days 2022&#8221;&rdquo;<\/span>&hellip;<\/a><\/div>\n","protected":false},"author":3,"featured_media":0,"parent":0,"menu_order":0,"comment_status":"closed","ping_status":"closed","template":"","meta":{"_acf_changed":false,"footnotes":""},"class_list":["post-4521","page","type-page","status-publish","hentry","entry"],"yoast_head":"<!-- This site is optimized with the Yoast SEO plugin v25.6 - https:\/\/yoast.com\/wordpress\/plugins\/seo\/ -->\n<title>Webinar pre-evento &quot;Aspettando gli Accessibility Days 2022&quot; - Accessibility Days 2022<\/title>\n<meta name=\"robots\" content=\"index, follow, max-snippet:-1, max-image-preview:large, max-video-preview:-1\" \/>\n<link rel=\"canonical\" href=\"https:\/\/old.accessibilitydays.it\/2022\/it\/webinar-pre-evento\/\" \/>\n<meta property=\"og:locale\" content=\"it_IT\" \/>\n<meta property=\"og:type\" content=\"article\" \/>\n<meta property=\"og:title\" content=\"Webinar pre-evento &quot;Aspettando gli Accessibility Days 2022&quot; - Accessibility Days 2022\" \/>\n<meta property=\"og:description\" content=\"A partire da met\u00e0 aprile, una nuova serie di webinar &#8220;aspettando gli Accessibility Days 2022&#8220;! Una serie di incontri per raccontare cosa troveremo durante l&#8217;evento, spaziando dai contenuti di alcuni espositori, a quelli di alcune sessioni e workshop. Lista dei&hellip; Continua a leggere &ldquo;Webinar pre-evento &#8220;Aspettando gli Accessibility Days 2022&#8221;&rdquo;&hellip;\" \/>\n<meta property=\"og:url\" content=\"https:\/\/old.accessibilitydays.it\/2022\/it\/webinar-pre-evento\/\" \/>\n<meta property=\"og:site_name\" content=\"Accessibility Days 2022\" \/>\n<meta property=\"article:publisher\" content=\"https:\/\/www.facebook.com\/AccessibilityDays\/\" \/>\n<meta property=\"article:modified_time\" content=\"2025-05-14T14:09:47+00:00\" \/>\n<meta property=\"og:image\" content=\"https:\/\/old.accessibilitydays.it\/2022\/wp-content\/uploads\/sites\/8\/2022\/04\/Legal-design-accessibilita-informative-legali-e-Cookie-Banner.jpeg\" \/>\n<meta name=\"twitter:card\" content=\"summary_large_image\" \/>\n<meta name=\"twitter:site\" content=\"@a11y_days\" \/>\n<meta name=\"twitter:label1\" content=\"Tempo di lettura stimato\" \/>\n\t<meta name=\"twitter:data1\" content=\"2 minuti\" \/>\n<script type=\"application\/ld+json\" class=\"yoast-schema-graph\">{\"@context\":\"https:\/\/schema.org\",\"@graph\":[{\"@type\":\"WebPage\",\"@id\":\"https:\/\/old.accessibilitydays.it\/2022\/it\/webinar-pre-evento\/\",\"url\":\"https:\/\/old.accessibilitydays.it\/2022\/it\/webinar-pre-evento\/\",\"name\":\"Webinar pre-evento \\\"Aspettando gli Accessibility Days 2022\\\" - Accessibility Days 2022\",\"isPartOf\":{\"@id\":\"https:\/\/old.accessibilitydays.it\/2022\/#website\"},\"primaryImageOfPage\":{\"@id\":\"https:\/\/old.accessibilitydays.it\/2022\/it\/webinar-pre-evento\/#primaryimage\"},\"image\":{\"@id\":\"https:\/\/old.accessibilitydays.it\/2022\/it\/webinar-pre-evento\/#primaryimage\"},\"thumbnailUrl\":\"https:\/\/old.accessibilitydays.it\/2022\/wp-content\/uploads\/sites\/8\/2022\/04\/Legal-design-accessibilita-informative-legali-e-Cookie-Banner.jpeg\",\"datePublished\":\"2022-04-06T15:15:26+00:00\",\"dateModified\":\"2025-05-14T14:09:47+00:00\",\"breadcrumb\":{\"@id\":\"https:\/\/old.accessibilitydays.it\/2022\/it\/webinar-pre-evento\/#breadcrumb\"},\"inLanguage\":\"it-IT\",\"potentialAction\":[{\"@type\":\"ReadAction\",\"target\":[\"https:\/\/old.accessibilitydays.it\/2022\/it\/webinar-pre-evento\/\"]}]},{\"@type\":\"ImageObject\",\"inLanguage\":\"it-IT\",\"@id\":\"https:\/\/old.accessibilitydays.it\/2022\/it\/webinar-pre-evento\/#primaryimage\",\"url\":\"https:\/\/old.accessibilitydays.it\/2022\/wp-content\/uploads\/sites\/8\/2022\/04\/Legal-design-accessibilita-informative-legali-e-Cookie-Banner.jpeg\",\"contentUrl\":\"https:\/\/old.accessibilitydays.it\/2022\/wp-content\/uploads\/sites\/8\/2022\/04\/Legal-design-accessibilita-informative-legali-e-Cookie-Banner.jpeg\",\"width\":1368,\"height\":684,\"caption\":\"Copertina del webinar Legal design, accessibilit\u00e0, informative legali e Cookie Banner\"},{\"@type\":\"BreadcrumbList\",\"@id\":\"https:\/\/old.accessibilitydays.it\/2022\/it\/webinar-pre-evento\/#breadcrumb\",\"itemListElement\":[{\"@type\":\"ListItem\",\"position\":1,\"name\":\"Home\",\"item\":\"https:\/\/old.accessibilitydays.it\/2022\/it\/\"},{\"@type\":\"ListItem\",\"position\":2,\"name\":\"Webinar pre-evento &#8220;Aspettando gli Accessibility Days 2022&#8221;\"}]},{\"@type\":\"WebSite\",\"@id\":\"https:\/\/old.accessibilitydays.it\/2022\/#website\",\"url\":\"https:\/\/old.accessibilitydays.it\/2022\/\",\"name\":\"Accessibility Days 2021\",\"description\":\"Sensibilizzazione sull&#039;Accessibilit\u00e0 e sulle Disabilit\u00e0\",\"publisher\":{\"@id\":\"https:\/\/old.accessibilitydays.it\/2022\/#organization\"},\"potentialAction\":[{\"@type\":\"SearchAction\",\"target\":{\"@type\":\"EntryPoint\",\"urlTemplate\":\"https:\/\/old.accessibilitydays.it\/2022\/?s={search_term_string}\"},\"query-input\":{\"@type\":\"PropertyValueSpecification\",\"valueRequired\":true,\"valueName\":\"search_term_string\"}}],\"inLanguage\":\"it-IT\"},{\"@type\":\"Organization\",\"@id\":\"https:\/\/old.accessibilitydays.it\/2022\/#organization\",\"name\":\"Accessibility Days\",\"url\":\"https:\/\/old.accessibilitydays.it\/2022\/\",\"logo\":{\"@type\":\"ImageObject\",\"inLanguage\":\"it-IT\",\"@id\":\"https:\/\/old.accessibilitydays.it\/2022\/#\/schema\/logo\/image\/\",\"url\":\"https:\/\/old.accessibilitydays.it\/2022\/wp-content\/uploads\/sites\/8\/2022\/02\/Logo-sito.jpg\",\"contentUrl\":\"https:\/\/old.accessibilitydays.it\/2022\/wp-content\/uploads\/sites\/8\/2022\/02\/Logo-sito.jpg\",\"width\":300,\"height\":190,\"caption\":\"Accessibility Days\"},\"image\":{\"@id\":\"https:\/\/old.accessibilitydays.it\/2022\/#\/schema\/logo\/image\/\"},\"sameAs\":[\"https:\/\/www.facebook.com\/AccessibilityDays\/\",\"https:\/\/x.com\/a11y_days\",\"https:\/\/www.linkedin.com\/company\/accessibility-days\/\",\"https:\/\/www.youtube.com\/channel\/UCzFrbfqazVbmlwwSeA4DjOw\"]}]}<\/script>\n<!-- \/ Yoast SEO plugin. -->","yoast_head_json":{"title":"Webinar pre-evento \"Aspettando gli Accessibility Days 2022\" - Accessibility Days 2022","robots":{"index":"index","follow":"follow","max-snippet":"max-snippet:-1","max-image-preview":"max-image-preview:large","max-video-preview":"max-video-preview:-1"},"canonical":"https:\/\/old.accessibilitydays.it\/2022\/it\/webinar-pre-evento\/","og_locale":"it_IT","og_type":"article","og_title":"Webinar pre-evento \"Aspettando gli Accessibility Days 2022\" - Accessibility Days 2022","og_description":"A partire da met\u00e0 aprile, una nuova serie di webinar &#8220;aspettando gli Accessibility Days 2022&#8220;! Una serie di incontri per raccontare cosa troveremo durante l&#8217;evento, spaziando dai contenuti di alcuni espositori, a quelli di alcune sessioni e workshop. Lista dei&hellip; Continua a leggere &ldquo;Webinar pre-evento &#8220;Aspettando gli Accessibility Days 2022&#8221;&rdquo;&hellip;","og_url":"https:\/\/old.accessibilitydays.it\/2022\/it\/webinar-pre-evento\/","og_site_name":"Accessibility Days 2022","article_publisher":"https:\/\/www.facebook.com\/AccessibilityDays\/","article_modified_time":"2025-05-14T14:09:47+00:00","og_image":[{"url":"https:\/\/old.accessibilitydays.it\/2022\/wp-content\/uploads\/sites\/8\/2022\/04\/Legal-design-accessibilita-informative-legali-e-Cookie-Banner.jpeg","type":"","width":"","height":""}],"twitter_card":"summary_large_image","twitter_site":"@a11y_days","twitter_misc":{"Tempo di lettura stimato":"2 minuti"},"schema":{"@context":"https:\/\/schema.org","@graph":[{"@type":"WebPage","@id":"https:\/\/old.accessibilitydays.it\/2022\/it\/webinar-pre-evento\/","url":"https:\/\/old.accessibilitydays.it\/2022\/it\/webinar-pre-evento\/","name":"Webinar pre-evento \"Aspettando gli Accessibility Days 2022\" - Accessibility Days 2022","isPartOf":{"@id":"https:\/\/old.accessibilitydays.it\/2022\/#website"},"primaryImageOfPage":{"@id":"https:\/\/old.accessibilitydays.it\/2022\/it\/webinar-pre-evento\/#primaryimage"},"image":{"@id":"https:\/\/old.accessibilitydays.it\/2022\/it\/webinar-pre-evento\/#primaryimage"},"thumbnailUrl":"https:\/\/old.accessibilitydays.it\/2022\/wp-content\/uploads\/sites\/8\/2022\/04\/Legal-design-accessibilita-informative-legali-e-Cookie-Banner.jpeg","datePublished":"2022-04-06T15:15:26+00:00","dateModified":"2025-05-14T14:09:47+00:00","breadcrumb":{"@id":"https:\/\/old.accessibilitydays.it\/2022\/it\/webinar-pre-evento\/#breadcrumb"},"inLanguage":"it-IT","potentialAction":[{"@type":"ReadAction","target":["https:\/\/old.accessibilitydays.it\/2022\/it\/webinar-pre-evento\/"]}]},{"@type":"ImageObject","inLanguage":"it-IT","@id":"https:\/\/old.accessibilitydays.it\/2022\/it\/webinar-pre-evento\/#primaryimage","url":"https:\/\/old.accessibilitydays.it\/2022\/wp-content\/uploads\/sites\/8\/2022\/04\/Legal-design-accessibilita-informative-legali-e-Cookie-Banner.jpeg","contentUrl":"https:\/\/old.accessibilitydays.it\/2022\/wp-content\/uploads\/sites\/8\/2022\/04\/Legal-design-accessibilita-informative-legali-e-Cookie-Banner.jpeg","width":1368,"height":684,"caption":"Copertina del webinar Legal design, accessibilit\u00e0, informative legali e Cookie Banner"},{"@type":"BreadcrumbList","@id":"https:\/\/old.accessibilitydays.it\/2022\/it\/webinar-pre-evento\/#breadcrumb","itemListElement":[{"@type":"ListItem","position":1,"name":"Home","item":"https:\/\/old.accessibilitydays.it\/2022\/it\/"},{"@type":"ListItem","position":2,"name":"Webinar pre-evento &#8220;Aspettando gli Accessibility Days 2022&#8221;"}]},{"@type":"WebSite","@id":"https:\/\/old.accessibilitydays.it\/2022\/#website","url":"https:\/\/old.accessibilitydays.it\/2022\/","name":"Accessibility Days 2021","description":"Sensibilizzazione sull&#039;Accessibilit\u00e0 e sulle Disabilit\u00e0","publisher":{"@id":"https:\/\/old.accessibilitydays.it\/2022\/#organization"},"potentialAction":[{"@type":"SearchAction","target":{"@type":"EntryPoint","urlTemplate":"https:\/\/old.accessibilitydays.it\/2022\/?s={search_term_string}"},"query-input":{"@type":"PropertyValueSpecification","valueRequired":true,"valueName":"search_term_string"}}],"inLanguage":"it-IT"},{"@type":"Organization","@id":"https:\/\/old.accessibilitydays.it\/2022\/#organization","name":"Accessibility Days","url":"https:\/\/old.accessibilitydays.it\/2022\/","logo":{"@type":"ImageObject","inLanguage":"it-IT","@id":"https:\/\/old.accessibilitydays.it\/2022\/#\/schema\/logo\/image\/","url":"https:\/\/old.accessibilitydays.it\/2022\/wp-content\/uploads\/sites\/8\/2022\/02\/Logo-sito.jpg","contentUrl":"https:\/\/old.accessibilitydays.it\/2022\/wp-content\/uploads\/sites\/8\/2022\/02\/Logo-sito.jpg","width":300,"height":190,"caption":"Accessibility Days"},"image":{"@id":"https:\/\/old.accessibilitydays.it\/2022\/#\/schema\/logo\/image\/"},"sameAs":["https:\/\/www.facebook.com\/AccessibilityDays\/","https:\/\/x.com\/a11y_days","https:\/\/www.linkedin.com\/company\/accessibility-days\/","https:\/\/www.youtube.com\/channel\/UCzFrbfqazVbmlwwSeA4DjOw"]}]}},"acf":[],"_links":{"self":[{"href":"https:\/\/old.accessibilitydays.it\/2022\/wp-json\/wp\/v2\/pages\/4521","targetHints":{"allow":["GET"]}}],"collection":[{"href":"https:\/\/old.accessibilitydays.it\/2022\/wp-json\/wp\/v2\/pages"}],"about":[{"href":"https:\/\/old.accessibilitydays.it\/2022\/wp-json\/wp\/v2\/types\/page"}],"author":[{"embeddable":true,"href":"https:\/\/old.accessibilitydays.it\/2022\/wp-json\/wp\/v2\/users\/3"}],"replies":[{"embeddable":true,"href":"https:\/\/old.accessibilitydays.it\/2022\/wp-json\/wp\/v2\/comments?post=4521"}],"version-history":[{"count":35,"href":"https:\/\/old.accessibilitydays.it\/2022\/wp-json\/wp\/v2\/pages\/4521\/revisions"}],"predecessor-version":[{"id":6020,"href":"https:\/\/old.accessibilitydays.it\/2022\/wp-json\/wp\/v2\/pages\/4521\/revisions\/6020"}],"wp:attachment":[{"href":"https:\/\/old.accessibilitydays.it\/2022\/wp-json\/wp\/v2\/media?parent=4521"}],"curies":[{"name":"wp","href":"https:\/\/api.w.org\/{rel}","templated":true}]}}