{"id":4185,"date":"2022-03-26T22:31:05","date_gmt":"2022-03-26T21:31:05","guid":{"rendered":"https:\/\/accessibilitydays.it\/2023\/?page_id=4185"},"modified":"2025-05-14T15:57:23","modified_gmt":"2025-05-14T13:57:23","slug":"espositori","status":"publish","type":"page","link":"https:\/\/old.accessibilitydays.it\/2023\/it\/espositori\/","title":{"rendered":"Espositori (aree informative, ask the expert, &#8230;)"},"content":{"rendered":"\n\n\t<p>ELENCO IN FASE DI DEFIZIONE&#8230;<\/p>\n<h2>Elenco espositori (in fase di definizione)<\/h2>\n<ol>\n<li><a href=\"#tribit-studio\">AudioGames: TriBit Studio &amp; More Games Studio<\/a><\/li>\n<li><a href=\"#banca-italia\">Banca d&#8217;Italia<\/a><\/li>\n<li><a href=\"#opentext\">OpenText<\/a><\/li>\n<li><a href=\"#uici\">UICI &#8211; Unione Italiana Ciechi e Ipovedenti<\/a><\/li>\n<li><a href=\"#unguess\">Unguess<\/a><\/li>\n<li><a href=\"#usablenet\">UsableNet<\/a><\/li>\n<li><a href=\"#ultrablu\">Mostra &#8220;Ultrablu: valorizzare le diversit\u00e0&#8221;<\/a><\/li>\n<\/ol>\n<h2>Orari dello spazio dedicato agli espositori<\/h2>\n<ul>\n<li>Gioved\u00ec 18 maggio: dalle 9.00 alle 19.00<\/li>\n<li>Venerd\u00ec 19 maggio: dalle 9.00 alle 18.00<\/li>\n<\/ul>\n<p>Nel seguente elenco, per ogni espositore \u00e8 indicata la relativa disponibilit\u00e0.<\/p>\n<h2>Dettagli espositori<\/h2>\n<h3>AudioGames: TriBit Studio &amp; More Games Studio<\/h3>\n<ul>\n<li>Disponibilit\u00e0: gioved\u00ec<\/li>\n<li>Contenuti:<br \/>\nTriBit Studio \u00e8 un piccolo team indipendente di produzione audioludica con sede a Bologna. Il team permetter\u00e0 di provare la versione per Nintendo Switch di &#8220;A Western Drama&#8221;, audiogame arcade spaghetti-western pubblicato da AudioGame.Store e gi\u00e0 rilasciato per PC\/Xbox\/mobile. L&#8217;attivit\u00e0 sar\u00e0 svolta in collaborazione con More Games Studio, l&#8217;azienda che si occupa del porting e della gestione del prodotto sulle consoles.<\/li>\n<li><a href=\"http:\/\/www.tribitstudio.com\/\">Sito web Tribit Studio<\/a><\/li>\n<li><a href=\"https:\/\/www.audiogame.store\/it\/home\">Sito web AudioGame.Store<\/a><\/li>\n<li><a href=\"mailto:info@tribitstudio.com\">Mail<\/a><\/li>\n<\/ul>\n<h3>Banca d&#8217;Italia<\/h3>\n<ul>\n<li>Disponibilit\u00e0: gioved\u00ec e venerd\u00ec<\/li>\n<li>Contenuti:<br \/>\nNell&#8217;area espositiva sar\u00e0 possibile conoscere i servizi e scoprire i materiali prodotti dalla Banca d&#8217;Italia in chiave accessibile su temi socio-economici e finanziari, sulla collezione d&#8217;arte dell&#8217;Istituto, sull&#8217;inclusione e la valorizzazione delle persone con disabilit\u00e0 sensoriale nei contesti lavorativi.<\/li>\n<li><a href=\"https:\/\/www.bancaditalia.it\/\">Sito web<\/a><\/li>\n<\/ul>\n<h3>OpenText<\/h3>\n<ul>\n<li>Disponibilit\u00e0: gioved\u00ec e venerd\u00ec<\/li>\n<li>Contenuti:<br \/>\nOpenText\u2122 \u00e8 l&#8217;azienda leader nella gestione delle informazioni e offre un ricchissimo portafoglio di soluzioni che comprendono i servizi sui contenuti, la fatturazione elettronica, l&#8217;esperienza utente, la sicurezza e lo sviluppo di soluzioni custom attraverso l&#8217;offerta di API per gli sviluppatori e i system integrator.<br \/>\nOpentext aiuta a migliorare e a proteggere le informazioni per offrire ad ogni cliente e ad ogni organizzazione tutto il valore presente nelle informazioni che gestiscono.<br \/>\nLe soluzioni OpenText aiutano i nostri clienti a semplificare i loro sistemi, sviluppando l&#8217;automazione necessaria a competere nel mondo digitale di oggi.<br \/>\nOpenText offre soluzioni specifiche per l&#8217;accessibilit\u00e0 documentale enterprise, che consentono alle organizzazioni di convertire documenti esistenti, interni ed esterni, in un formato universale accessibile a tutti.<\/li>\n<li><a href=\"https:\/\/www.opentext.com\/\">Sito web<\/a><\/li>\n<li>Referenti\n<ul>\n<li>Andreas Pichlkostner &#8211; <a href=\"mailto:apichlkostne@opentext.com\">Mail<\/a><\/li>\n<\/ul>\n<\/li>\n<\/ul>\n<h3>UICI &#8211; Unione Italiana Ciechi e Ipovedenti<\/h3>\n<ul>\n<li>Disponibilit\u00e0: gioved\u00ec e venerd\u00ec<\/li>\n<li>Contenuti:<br \/>\nIN FASE DI DEFINIZIONE<\/li>\n<li><a href=\"https:\/\/www.tim.it\/\">Sito web<\/a><\/li>\n<\/ul>\n<h3>Unguess<\/h3>\n<ul>\n<li>Disponibilit\u00e0: entrambe le giornate<\/li>\n<li>Contenuti:<br \/>\nUNGUESS \u00e8 la piattaforma di crowdtesting che fornisce test efficaci e feedback reali che consentono alle aziende di prendere decisioni pi\u00f9 precise e sicure, pi\u00f9 rapidamente. Allo stand di UNGUESS sar\u00e0 possibile scoprire come sia possibile effettuare test di accessibilit\u00e0 affidandosi al potere del crowd. Saranno messi a disposizione:\n<ul>\n<li>Contenuti formativi<\/li>\n<li>Case Study<\/li>\n<li>Live Demo<\/li>\n<li>Gadget esclusivi<\/li>\n<\/ul>\n<\/li>\n<li><a href=\"https:\/\/www.unguess.io\/\">Sito web<\/a><\/li>\n<li><a href=\"mailto:info@unguess.io\">Mail<\/a><\/li>\n<li>Referenti:\n<ul>\n<li>Alessandro Caliandro &#8211; <a href=\"mailto:alessandro.caliandro@unguess.io\">Mail<\/a><\/li>\n<li>Fabio Rota &#8211; <a href=\"mailto:fabio.rota@unguess.io\">Mail<\/a><\/li>\n<\/ul>\n<\/li>\n<\/ul>\n<h3>UsableNet<\/h3>\n<ul>\n<li>Disponibilit\u00e0: gioved\u00ec (dalle ore 10:00) e venerd\u00ec<\/li>\n<li>Contenuti:<br \/>\nUsableNet fornisce da oltre vent&#8217;anni soluzioni per l&#8217;Accessibilit\u00e0 ad aziende di tutto il mondo. Il nostro impegno \u00e8 da sempre volto ad implementare un programma sostenibile per gestire l&#8217;accessibilit\u00e0 digitale all&#8217;interno di un&#8217;organizzazione e far s\u00ec che l&#8217;accessibilit\u00e0 sia parte di ogni fase del ciclo produttivo. Tutto questo grazie alla tecnologia ed i servizi che offriamo.<\/li>\n<li><a href=\"https:\/\/usablenet.com\/\">Sito web<\/a><\/li>\n<li>Referenti:\n<ul>\n<li>Michele Lucchini &#8211; <a href=\"mailto:michele@usablenet.com\">Mail<\/a><\/li>\n<\/ul>\n<\/li>\n<\/ul>\n<h3>Mostra &#8220;Ultrablu: valorizzare le diversit\u00e0&#8221;<\/h3>\n<ul>\n<li>Disponibilit\u00e0: gioved\u00ec e venerd\u00ec<\/li>\n<li>Contenuti:<br \/>\nUltrablu, associazione che promuove le attivit\u00e0 artistiche e culturali generate dalla (neuro)diversit\u00e0, mette al centro gli artisti neurodivergenti attraverso una mostra permanente negli spazi degli Accessibility Days.<br \/>\nLa mostra vuole essere un invito, una prospettiva, un augurio; \u00e8 una soglia da attraversare per immaginare mondi possibili e concretissimi, per costruire comunit\u00e0 dove la diversit\u00e0 \u00e8 un valore d&#8217;apprendimento reciproco, una risorsa relazionale.<br \/>\nCuratore della mostra \u00e8 Virgilio Mollicone, fondatore dell&#8217;associazione.<\/li>\n<li>Maggiori info su <a href=\"https:\/\/ultrablu.it\/\">Ultrablu.it<\/a><\/li>\n<\/ul>\n\t\t\t<a href=\"https:\/\/old.accessibilitydays.it\/2023\/it\/iscriviti\/\" target=\"_self\" role=\"button\" rel=\"noopener\"><br \/>\n\t\t\t\t\t\tISCRIVITI All&#8217;EVENTO<br \/>\n\t\t<\/a>\n\n","protected":false},"excerpt":{"rendered":"<div class=\"entry-summary\">\n<div class=\"entry-summary\">\nELENCO IN FASE DI DEFIZIONE&#8230; Elenco espositori (in fase di definizione) AudioGames: TriBit Studio &amp; More Games Studio Banca d&#8217;Italia OpenText UICI &#8211; Unione Italiana Ciechi e Ipovedenti Unguess UsableNet Mostra &#8220;Ultrablu: valorizzare le diversit\u00e0&#8221; Orari dello spazio dedicato agli&hellip;\n<\/div>\n<div class=\"link-more\"><a href=\"https:\/\/old.accessibilitydays.it\/2023\/it\/espositori\/\" class=\"more-link\">Continua a leggere <span class=\"screen-reader-text\"> &ldquo;Espositori (aree informative, ask the expert, &#8230;)&rdquo;<\/span>&hellip;<\/a><\/div>\n<\/div>\n<div class=\"link-more\"><a href=\"https:\/\/old.accessibilitydays.it\/2023\/it\/espositori\/\" class=\"more-link\">Continua a leggere <span class=\"screen-reader-text\"> &ldquo;Espositori (aree informative, ask the expert, &#8230;)&rdquo;<\/span>&hellip;<\/a><\/div>\n","protected":false},"author":3,"featured_media":0,"parent":0,"menu_order":0,"comment_status":"closed","ping_status":"closed","template":"","meta":{"_acf_changed":false,"footnotes":""},"class_list":["post-4185","page","type-page","status-publish","hentry","entry"],"yoast_head":"<!-- This site is optimized with the Yoast SEO plugin v25.6 - https:\/\/yoast.com\/wordpress\/plugins\/seo\/ -->\n<title>Espositori (aree informative, ask the expert, ...) - Accessibility Days 2023<\/title>\n<meta name=\"robots\" content=\"index, follow, max-snippet:-1, max-image-preview:large, max-video-preview:-1\" \/>\n<link rel=\"canonical\" href=\"https:\/\/old.accessibilitydays.it\/2023\/it\/espositori\/\" \/>\n<meta property=\"og:locale\" content=\"it_IT\" \/>\n<meta property=\"og:type\" content=\"article\" \/>\n<meta property=\"og:title\" content=\"Espositori (aree informative, ask the expert, ...) - Accessibility Days 2023\" \/>\n<meta property=\"og:description\" content=\"ELENCO IN FASE DI DEFIZIONE&#8230; Elenco espositori (in fase di definizione) AudioGames: TriBit Studio &amp; More Games Studio Banca d&#8217;Italia OpenText UICI &#8211; Unione Italiana Ciechi e Ipovedenti Unguess UsableNet Mostra &#8220;Ultrablu: valorizzare le diversit\u00e0&#8221; Orari dello spazio dedicato agli&hellip; Continua a leggere &ldquo;Espositori (aree informative, ask the expert, &#8230;)&rdquo;&hellip;\" \/>\n<meta property=\"og:url\" content=\"https:\/\/old.accessibilitydays.it\/2023\/it\/espositori\/\" \/>\n<meta property=\"og:site_name\" content=\"Accessibility Days 2023\" \/>\n<meta property=\"article:publisher\" content=\"https:\/\/www.facebook.com\/AccessibilityDays\/\" \/>\n<meta property=\"article:modified_time\" content=\"2025-05-14T13:57:23+00:00\" \/>\n<meta name=\"twitter:card\" content=\"summary_large_image\" \/>\n<meta name=\"twitter:site\" content=\"@a11y_days\" \/>\n<meta name=\"twitter:label1\" content=\"Tempo di lettura stimato\" \/>\n\t<meta name=\"twitter:data1\" content=\"3 minuti\" \/>\n<script type=\"application\/ld+json\" class=\"yoast-schema-graph\">{\"@context\":\"https:\/\/schema.org\",\"@graph\":[{\"@type\":\"WebPage\",\"@id\":\"https:\/\/old.accessibilitydays.it\/2023\/it\/espositori\/\",\"url\":\"https:\/\/old.accessibilitydays.it\/2023\/it\/espositori\/\",\"name\":\"Espositori (aree informative, ask the expert, ...) - Accessibility Days 2023\",\"isPartOf\":{\"@id\":\"https:\/\/old.accessibilitydays.it\/2023\/#website\"},\"datePublished\":\"2022-03-26T21:31:05+00:00\",\"dateModified\":\"2025-05-14T13:57:23+00:00\",\"breadcrumb\":{\"@id\":\"https:\/\/old.accessibilitydays.it\/2023\/it\/espositori\/#breadcrumb\"},\"inLanguage\":\"it-IT\",\"potentialAction\":[{\"@type\":\"ReadAction\",\"target\":[\"https:\/\/old.accessibilitydays.it\/2023\/it\/espositori\/\"]}]},{\"@type\":\"BreadcrumbList\",\"@id\":\"https:\/\/old.accessibilitydays.it\/2023\/it\/espositori\/#breadcrumb\",\"itemListElement\":[{\"@type\":\"ListItem\",\"position\":1,\"name\":\"Home\",\"item\":\"https:\/\/old.accessibilitydays.it\/2023\/\"},{\"@type\":\"ListItem\",\"position\":2,\"name\":\"Espositori (aree informative, ask the expert, &#8230;)\"}]},{\"@type\":\"WebSite\",\"@id\":\"https:\/\/old.accessibilitydays.it\/2023\/#website\",\"url\":\"https:\/\/old.accessibilitydays.it\/2023\/\",\"name\":\"Accessibility Days 2021\",\"description\":\"Sensibilizzazione sull&#039;Accessibilit\u00e0 e sulle Disabilit\u00e0\",\"publisher\":{\"@id\":\"https:\/\/old.accessibilitydays.it\/2023\/#organization\"},\"potentialAction\":[{\"@type\":\"SearchAction\",\"target\":{\"@type\":\"EntryPoint\",\"urlTemplate\":\"https:\/\/old.accessibilitydays.it\/2023\/?s={search_term_string}\"},\"query-input\":{\"@type\":\"PropertyValueSpecification\",\"valueRequired\":true,\"valueName\":\"search_term_string\"}}],\"inLanguage\":\"it-IT\"},{\"@type\":\"Organization\",\"@id\":\"https:\/\/old.accessibilitydays.it\/2023\/#organization\",\"name\":\"Accessibility Days\",\"url\":\"https:\/\/old.accessibilitydays.it\/2023\/\",\"logo\":{\"@type\":\"ImageObject\",\"inLanguage\":\"it-IT\",\"@id\":\"https:\/\/old.accessibilitydays.it\/2023\/#\/schema\/logo\/image\/\",\"url\":\"https:\/\/old.accessibilitydays.it\/2023\/wp-content\/uploads\/sites\/9\/2023\/01\/Logo-sito-2023.jpg\",\"contentUrl\":\"https:\/\/old.accessibilitydays.it\/2023\/wp-content\/uploads\/sites\/9\/2023\/01\/Logo-sito-2023.jpg\",\"width\":300,\"height\":190,\"caption\":\"Accessibility Days\"},\"image\":{\"@id\":\"https:\/\/old.accessibilitydays.it\/2023\/#\/schema\/logo\/image\/\"},\"sameAs\":[\"https:\/\/www.facebook.com\/AccessibilityDays\/\",\"https:\/\/x.com\/a11y_days\",\"https:\/\/www.linkedin.com\/company\/accessibility-days\/\",\"https:\/\/www.youtube.com\/channel\/UCzFrbfqazVbmlwwSeA4DjOw\"]}]}<\/script>\n<!-- \/ Yoast SEO plugin. -->","yoast_head_json":{"title":"Espositori (aree informative, ask the expert, ...) - Accessibility Days 2023","robots":{"index":"index","follow":"follow","max-snippet":"max-snippet:-1","max-image-preview":"max-image-preview:large","max-video-preview":"max-video-preview:-1"},"canonical":"https:\/\/old.accessibilitydays.it\/2023\/it\/espositori\/","og_locale":"it_IT","og_type":"article","og_title":"Espositori (aree informative, ask the expert, ...) - Accessibility Days 2023","og_description":"ELENCO IN FASE DI DEFIZIONE&#8230; Elenco espositori (in fase di definizione) AudioGames: TriBit Studio &amp; More Games Studio Banca d&#8217;Italia OpenText UICI &#8211; Unione Italiana Ciechi e Ipovedenti Unguess UsableNet Mostra &#8220;Ultrablu: valorizzare le diversit\u00e0&#8221; Orari dello spazio dedicato agli&hellip; Continua a leggere &ldquo;Espositori (aree informative, ask the expert, &#8230;)&rdquo;&hellip;","og_url":"https:\/\/old.accessibilitydays.it\/2023\/it\/espositori\/","og_site_name":"Accessibility Days 2023","article_publisher":"https:\/\/www.facebook.com\/AccessibilityDays\/","article_modified_time":"2025-05-14T13:57:23+00:00","twitter_card":"summary_large_image","twitter_site":"@a11y_days","twitter_misc":{"Tempo di lettura stimato":"3 minuti"},"schema":{"@context":"https:\/\/schema.org","@graph":[{"@type":"WebPage","@id":"https:\/\/old.accessibilitydays.it\/2023\/it\/espositori\/","url":"https:\/\/old.accessibilitydays.it\/2023\/it\/espositori\/","name":"Espositori (aree informative, ask the expert, ...) - Accessibility Days 2023","isPartOf":{"@id":"https:\/\/old.accessibilitydays.it\/2023\/#website"},"datePublished":"2022-03-26T21:31:05+00:00","dateModified":"2025-05-14T13:57:23+00:00","breadcrumb":{"@id":"https:\/\/old.accessibilitydays.it\/2023\/it\/espositori\/#breadcrumb"},"inLanguage":"it-IT","potentialAction":[{"@type":"ReadAction","target":["https:\/\/old.accessibilitydays.it\/2023\/it\/espositori\/"]}]},{"@type":"BreadcrumbList","@id":"https:\/\/old.accessibilitydays.it\/2023\/it\/espositori\/#breadcrumb","itemListElement":[{"@type":"ListItem","position":1,"name":"Home","item":"https:\/\/old.accessibilitydays.it\/2023\/"},{"@type":"ListItem","position":2,"name":"Espositori (aree informative, ask the expert, &#8230;)"}]},{"@type":"WebSite","@id":"https:\/\/old.accessibilitydays.it\/2023\/#website","url":"https:\/\/old.accessibilitydays.it\/2023\/","name":"Accessibility Days 2021","description":"Sensibilizzazione sull&#039;Accessibilit\u00e0 e sulle Disabilit\u00e0","publisher":{"@id":"https:\/\/old.accessibilitydays.it\/2023\/#organization"},"potentialAction":[{"@type":"SearchAction","target":{"@type":"EntryPoint","urlTemplate":"https:\/\/old.accessibilitydays.it\/2023\/?s={search_term_string}"},"query-input":{"@type":"PropertyValueSpecification","valueRequired":true,"valueName":"search_term_string"}}],"inLanguage":"it-IT"},{"@type":"Organization","@id":"https:\/\/old.accessibilitydays.it\/2023\/#organization","name":"Accessibility Days","url":"https:\/\/old.accessibilitydays.it\/2023\/","logo":{"@type":"ImageObject","inLanguage":"it-IT","@id":"https:\/\/old.accessibilitydays.it\/2023\/#\/schema\/logo\/image\/","url":"https:\/\/old.accessibilitydays.it\/2023\/wp-content\/uploads\/sites\/9\/2023\/01\/Logo-sito-2023.jpg","contentUrl":"https:\/\/old.accessibilitydays.it\/2023\/wp-content\/uploads\/sites\/9\/2023\/01\/Logo-sito-2023.jpg","width":300,"height":190,"caption":"Accessibility Days"},"image":{"@id":"https:\/\/old.accessibilitydays.it\/2023\/#\/schema\/logo\/image\/"},"sameAs":["https:\/\/www.facebook.com\/AccessibilityDays\/","https:\/\/x.com\/a11y_days","https:\/\/www.linkedin.com\/company\/accessibility-days\/","https:\/\/www.youtube.com\/channel\/UCzFrbfqazVbmlwwSeA4DjOw"]}]}},"acf":[],"_links":{"self":[{"href":"https:\/\/old.accessibilitydays.it\/2023\/wp-json\/wp\/v2\/pages\/4185","targetHints":{"allow":["GET"]}}],"collection":[{"href":"https:\/\/old.accessibilitydays.it\/2023\/wp-json\/wp\/v2\/pages"}],"about":[{"href":"https:\/\/old.accessibilitydays.it\/2023\/wp-json\/wp\/v2\/types\/page"}],"author":[{"embeddable":true,"href":"https:\/\/old.accessibilitydays.it\/2023\/wp-json\/wp\/v2\/users\/3"}],"replies":[{"embeddable":true,"href":"https:\/\/old.accessibilitydays.it\/2023\/wp-json\/wp\/v2\/comments?post=4185"}],"version-history":[{"count":115,"href":"https:\/\/old.accessibilitydays.it\/2023\/wp-json\/wp\/v2\/pages\/4185\/revisions"}],"predecessor-version":[{"id":7329,"href":"https:\/\/old.accessibilitydays.it\/2023\/wp-json\/wp\/v2\/pages\/4185\/revisions\/7329"}],"wp:attachment":[{"href":"https:\/\/old.accessibilitydays.it\/2023\/wp-json\/wp\/v2\/media?parent=4185"}],"curies":[{"name":"wp","href":"https:\/\/api.w.org\/{rel}","templated":true}]}}